HEX
Server: Apache
System: Linux hp3-stn-1011028.hostingp3.local 3.10.0-1160.119.1.el7.x86_64 #1 SMP Tue Jun 4 14:43:51 UTC 2024 x86_64
User: csh958633 (951153)
PHP: 8.3.30
Disabled: shell_exec,exec,system,popen,set_time_limit
Upload Files
File: /home/hp3-linc5-nfs2-z/664/1174664/user/logfiles/access.log-20170613
81.2.78.190 - - [20/May/2017:13:13:51 +0100] "GET /research/ HTTP/1.0" 200 3715 "-" "Mozilla/5.0 (Windows NT 6.1; Win64; x64; rv:53.0) Gecko/20100101 Firefox/53.0"
81.2.78.190 - - [20/May/2017:13:14:47 +0100] "POST /research/formresult.php HTTP/1.0" 302 205 "http://www.meganknight.uk/research/" "Mozilla/5.0 (Windows NT 6.1; Win64; x64; rv:53.0) Gecko/20100101 Firefox/53.0"
81.2.78.190 - - [20/May/2017:13:14:48 +0100] "GET /research/logintofacebook.php?userid=5920333816c3e7.55607818 HTTP/1.0" 400 589 "http://www.meganknight.uk/research/" "Mozilla/5.0 (Windows NT 6.1; Win64; x64; rv:53.0) Gecko/20100101 Firefox/53.0"
81.2.78.190 - - [20/May/2017:13:15:04 +0100] "GET /research/getdatafromfacebook.php?userid=%275920333816c3e7.55607818%27&code=AQC0PsmsZ-yrQr7RgBT5yHnCmujg_iZAExtVhKalBbq-CYGPeiWfezjDr-FTNrbg0wT9K76Ziiagn3iqW0ileroGuc7DjUIpCcCK1tOH2UMuQhYNpF4ZxadZxCQX80DcjbsGVsJ1lQysrvuLAgArN-gnViAmvq3ltEXxQFcIdbAM83rMgwy_NX9ZkpxavQe-bWZdVj0gV79M5xPTT4qKu32RIXGorm1SdV1VNA53uDsH5wMOXoQOlvBY9dtOs3zsvEar4GfciEh-CZo_MI_poUB_otIAxfCpJc-BO2bMTPj_XbYz6--ojynJr_PE9Ta_Qgg&state=05000a91614c6b12620bf8db9c41fa46 HTTP/1.0" 302 188 "https://www.facebook.com/" "Mozilla/5.0 (Windows NT 6.1; Win64; x64; rv:53.0) Gecko/20100101 Firefox/53.0"
81.2.78.190 - - [20/May/2017:13:15:08 +0100] "GET /research/surveyform.php?userid=5920333816c3e7.55607818 HTTP/1.0" 200 2654 "https://www.facebook.com/" "Mozilla/5.0 (Windows NT 6.1; Win64; x64; rv:53.0) Gecko/20100101 Firefox/53.0"
81.2.78.190 - - [20/May/2017:13:16:29 +0100] "POST /research/surveyresult.php?userid=%27$userid%27 HTTP/1.0" 200 328 "http://www.meganknight.uk/research/surveyform.php?userid=5920333816c3e7.55607818" "Mozilla/5.0 (Windows NT 6.1; Win64; x64; rv:53.0) Gecko/20100101 Firefox/53.0"
81.2.78.190 - - [20/May/2017:13:18:56 +0100] "POST /research/formresult.php HTTP/1.0" 302 205 "http://www.meganknight.uk/research/" "Mozilla/5.0 (Windows NT 6.1; Win64; x64; rv:53.0) Gecko/20100101 Firefox/53.0"
81.2.78.190 - - [20/May/2017:13:26:45 +0100] "GET / HTTP/1.0" 200 138726 "-" "Mozilla/5.0 (Windows NT 6.1; Win64; x64; rv:53.0) Gecko/20100101 Firefox/53.0"
81.2.78.190 - - [20/May/2017:13:26:51 +0100] "GET /wp-content/plugins/flickr-badges-widget/css/widget.css?ver=0.7 HTTP/1.0" 200 330 "http://www.meganknight.uk/" "Mozilla/5.0 (Windows NT 6.1; Win64; x64; rv:53.0) Gecko/20100101 Firefox/53.0"
81.2.78.190 - - [20/May/2017:13:26:51 +0100] "GET /wp-includes/js/wp-emoji-release.min.js?ver=4.7.3 HTTP/1.0" 200 11414 "http://www.meganknight.uk/" "Mozilla/5.0 (Windows NT 6.1; Win64; x64; rv:53.0) Gecko/20100101 Firefox/53.0"
81.2.78.190 - - [20/May/2017:13:26:51 +0100] "GET /wp-content/themes/twentyfifteen/genericons/genericons.css?ver=3.2 HTTP/1.0" 200 27519 "http://www.meganknight.uk/" "Mozilla/5.0 (Windows NT 6.1; Win64; x64; rv:53.0) Gecko/20100101 Firefox/53.0"
81.2.78.190 - - [20/May/2017:13:26:51 +0100] "GET /wp-content/themes/twentyfifteen/style.css?ver=4.7.3 HTTP/1.0" 200 97685 "http://www.meganknight.uk/" "Mozilla/5.0 (Windows NT 6.1; Win64; x64; rv:53.0) Gecko/20100101 Firefox/53.0"
81.2.78.190 - - [20/May/2017:13:26:51 +0100] "GET /wp-includes/js/jquery/jquery.js?ver=1.12.4 HTTP/1.0" 200 97184 "http://www.meganknight.uk/" "Mozilla/5.0 (Windows NT 6.1; Win64; x64; rv:53.0) Gecko/20100101 Firefox/53.0"
10.10.110.18 - - [20/May/2017:13:26:48 +0100] "POST /wp-cron.php?doing_wp_cron=1495283208.6885719299316406250000 HTTP/1.0" 200 - "http://www.meganknight.uk/wp-cron.php?doing_wp_cron=1495283208.6885719299316406250000" "WordPress/4.7.3; http://www.meganknight.uk"
81.2.78.190 - - [20/May/2017:13:26:51 +0100] "GET /wp-includes/js/jquery/jquery-migrate.min.js?ver=1.4.1 HTTP/1.0" 200 10056 "http://www.meganknight.uk/" "Mozilla/5.0 (Windows NT 6.1; Win64; x64; rv:53.0) Gecko/20100101 Firefox/53.0"
81.2.78.190 - - [20/May/2017:13:26:54 +0100] "GET /wp-content/uploads/2016/04/newspapers-2.png HTTP/1.0" 200 29 "http://www.meganknight.uk/" "Mozilla/5.0 (Windows NT 6.1; Win64; x64; rv:53.0) Gecko/20100101 Firefox/53.0"
81.2.78.190 - - [20/May/2017:13:26:54 +0100] "GET /wp-content/uploads/2015/10/printing-300x252.jpg HTTP/1.0" 404 20338 "http://www.meganknight.uk/" "Mozilla/5.0 (Windows NT 6.1; Win64; x64; rv:53.0) Gecko/20100101 Firefox/53.0"
81.2.78.190 - - [20/May/2017:13:26:54 +0100] "GET /wp-content/uploads/2015/10/067-300x225.jpg HTTP/1.0" 404 20338 "http://www.meganknight.uk/" "Mozilla/5.0 (Windows NT 6.1; Win64; x64; rv:53.0) Gecko/20100101 Firefox/53.0"
81.2.78.190 - - [20/May/2017:13:26:56 +0100] "GET /wp-content/uploads/2017/03/IMG_4299.jpg HTTP/1.0" 200 3555577 "http://www.meganknight.uk/" "Mozilla/5.0 (Windows NT 6.1; Win64; x64; rv:53.0) Gecko/20100101 Firefox/53.0"
81.2.78.190 - - [20/May/2017:13:26:54 +0100] "GET /wp-content/uploads/2015/10/0641-300x247.jpg HTTP/1.0" 404 20338 "http://www.meganknight.uk/" "Mozilla/5.0 (Windows NT 6.1; Win64; x64; rv:53.0) Gecko/20100101 Firefox/53.0"
81.2.78.190 - - [20/May/2017:13:26:54 +0100] "GET /wp-content/uploads/2015/10/telegraph-one-236x300.png HTTP/1.0" 404 20338 "http://www.meganknight.uk/" "Mozilla/5.0 (Windows NT 6.1; Win64; x64; rv:53.0) Gecko/20100101 Firefox/53.0"
81.2.78.190 - - [20/May/2017:13:26:57 +0100] "GET /research/ HTTP/1.0" 200 3715 "-" "Mozilla/5.0 (Windows NT 6.1; Win64; x64; rv:53.0) Gecko/20100101 Firefox/53.0"
81.2.78.190 - - [20/May/2017:13:26:57 +0100] "GET /wp-content/themes/twentyfifteen/js/functions.js?ver=20150330 HTTP/1.0" 200 5920 "http://www.meganknight.uk/" "Mozilla/5.0 (Windows NT 6.1; Win64; x64; rv:53.0) Gecko/20100101 Firefox/53.0"
81.2.78.190 - - [20/May/2017:13:26:54 +0100] "GET /wp-content/uploads/2015/10/nyt-one-300x229.png HTTP/1.0" 404 20338 "http://www.meganknight.uk/" "Mozilla/5.0 (Windows NT 6.1; Win64; x64; rv:53.0) Gecko/20100101 Firefox/53.0"
81.2.78.190 - - [20/May/2017:13:26:54 +0100] "GET /wp-content/uploads/2015/10/nyt-two-300x300.png HTTP/1.0" 404 20338 "http://www.meganknight.uk/" "Mozilla/5.0 (Windows NT 6.1; Win64; x64; rv:53.0) Gecko/20100101 Firefox/53.0"
81.2.78.190 - - [20/May/2017:13:26:54 +0100] "GET /wp-content/uploads/2015/10/economist-one-300x194.png HTTP/1.0" 404 20338 "http://www.meganknight.uk/" "Mozilla/5.0 (Windows NT 6.1; Win64; x64; rv:53.0) Gecko/20100101 Firefox/53.0"
81.2.78.190 - - [20/May/2017:13:26:56 +0100] "GET /wp-content/uploads/2015/10/guardian-one-300x170.png HTTP/1.0" 404 20338 "http://www.meganknight.uk/" "Mozilla/5.0 (Windows NT 6.1; Win64; x64; rv:53.0) Gecko/20100101 Firefox/53.0"
81.2.78.190 - - [20/May/2017:13:27:01 +0100] "POST /research/formresult.php HTTP/1.0" 302 205 "http://www.meganknight.uk/research/" "Mozilla/5.0 (Windows NT 6.1; Win64; x64; rv:53.0) Gecko/20100101 Firefox/53.0"
81.2.78.190 - - [20/May/2017:13:27:02 +0100] "GET /research/logintofacebook.php?userid=59203615960ab0.36413809 HTTP/1.0" 400 589 "http://www.meganknight.uk/research/" "Mozilla/5.0 (Windows NT 6.1; Win64; x64; rv:53.0) Gecko/20100101 Firefox/53.0"
81.2.78.190 - - [20/May/2017:13:27:03 +0100] "GET /research/getdatafromfacebook.php?userid=%2759203615960ab0.36413809%27&code=AQDEJC-JoBYzz9esnDpYld50LcX9gkImHuyeQyKjFZHj5bgSvtE-LhEnlE7hBKr-dLegw5K3MQTrqPD8hlGvYq1tGZITMOp96YUFCqAxTlV67qilfj4336j4e7-F2I2xukZHqM21dC0WALU1SYbmOw4XiYeJI5UurvN_90QhRbN9IKM3cHwmUOK51Xob0stgi4H4Y3qGfQprQpkRfP5BWLiN3hu1AEjCCvMdyDOtHcXMcET_pBqYpLqI8DUUxIMsHXbFzyqryyVviFlYag-rGVfab-7k8S7JeAl0jw41HLARhtKKHFkvkrSEG4lq9sfbAjo&state=2879a8348bdb5d3c9fdd3728a2b7a8a4 HTTP/1.0" 302 188 "http://www.meganknight.uk/research/logintofacebook.php?userid=59203615960ab0.36413809" "Mozilla/5.0 (Windows NT 6.1; Win64; x64; rv:53.0) Gecko/20100101 Firefox/53.0"
81.2.78.190 - - [20/May/2017:13:27:07 +0100] "GET /research/surveyform.php?userid=59203615960ab0.36413809 HTTP/1.0" 200 2654 "http://www.meganknight.uk/research/logintofacebook.php?userid=59203615960ab0.36413809" "Mozilla/5.0 (Windows NT 6.1; Win64; x64; rv:53.0) Gecko/20100101 Firefox/53.0"
81.2.78.190 - - [20/May/2017:13:27:13 +0100] "POST /research/surveyresult.php?userid=%27$userid%27 HTTP/1.0" 200 328 "http://www.meganknight.uk/research/surveyform.php?userid=59203615960ab0.36413809" "Mozilla/5.0 (Windows NT 6.1; Win64; x64; rv:53.0) Gecko/20100101 Firefox/53.0"
81.2.78.190 - - [20/May/2017:13:28:20 +0100] "GET /research/surveyform.php?userid=59203615960ab0.36413809 HTTP/1.0" 200 2654 "http://www.meganknight.uk/research/logintofacebook.php?userid=59203615960ab0.36413809" "Mozilla/5.0 (Windows NT 6.1; Win64; x64; rv:53.0) Gecko/20100101 Firefox/53.0"
81.2.78.190 - - [20/May/2017:13:28:20 +0100] "GET /research/surveyform.php?userid=59203615960ab0.36413809 HTTP/1.0" 200 2654 "http://www.meganknight.uk/research/logintofacebook.php?userid=59203615960ab0.36413809" "Mozilla/5.0 (Windows NT 6.1; Win64; x64; rv:53.0) Gecko/20100101 Firefox/53.0"
81.2.78.190 - - [20/May/2017:13:28:24 +0100] "GET /research/logintofacebook.php?userid=59203615960ab0.36413809 HTTP/1.0" 400 589 "http://www.meganknight.uk/research/" "Mozilla/5.0 (Windows NT 6.1; Win64; x64; rv:53.0) Gecko/20100101 Firefox/53.0"
81.2.78.190 - - [20/May/2017:13:28:25 +0100] "GET /research/logintofacebook.php?userid=59203615960ab0.36413809 HTTP/1.0" 400 589 "http://www.meganknight.uk/research/" "Mozilla/5.0 (Windows NT 6.1; Win64; x64; rv:53.0) Gecko/20100101 Firefox/53.0"
81.2.78.190 - - [20/May/2017:13:28:28 +0100] "GET /research/getdatafromfacebook.php?userid=%2759203615960ab0.36413809%27&code=AQDGr894GsZrbSXMRt-UXMfcDVc6_QUjbsDYpg1r4TXYn8Ylwd8FbdnMNq9RIISMAqoaZP9e4t4-VzXQvpTBF62Cp3YjnlBozhH1BxgrQKB1hYca4N-twj-nT_IWwJJBCSjRBcZ4FO3pPt6FOXlhJ655ifFLDWaaVRl0C0fP2y7vq0SaRpHTc6aVz_9snWRL1nx6_e0aKm6AABIrujshGOpVGvntju_7-6rCY-NvCWk8lXDssBUEB8H3io-JmBdd2TUYSDpEwtPov4e2cTvpIHbrMNOeJuSgmp76Y71sXWdV3wrOP7nIB-4ESxyq-BSMtJo&state=5a4e2a2e6dddf06a2bdf14359272b272 HTTP/1.0" 302 188 "http://www.meganknight.uk/research/logintofacebook.php?userid=59203615960ab0.36413809" "Mozilla/5.0 (Windows NT 6.1; Win64; x64; rv:53.0) Gecko/20100101 Firefox/53.0"
81.2.78.190 - - [20/May/2017:13:28:32 +0100] "GET /research/surveyform.php?userid=59203615960ab0.36413809 HTTP/1.0" 200 2654 "http://www.meganknight.uk/research/logintofacebook.php?userid=59203615960ab0.36413809" "Mozilla/5.0 (Windows NT 6.1; Win64; x64; rv:53.0) Gecko/20100101 Firefox/53.0"
81.2.78.190 - - [20/May/2017:13:36:05 +0100] "GET /research/logintofacebook.php?userid=59203615960ab0.36413809 HTTP/1.0" 400 589 "http://www.meganknight.uk/research/" "Mozilla/5.0 (Windows NT 6.1; Win64; x64; rv:53.0) Gecko/20100101 Firefox/53.0"
81.2.78.190 - - [20/May/2017:13:36:06 +0100] "GET /research/logintofacebook.php?userid=59203615960ab0.36413809 HTTP/1.0" 400 589 "http://www.meganknight.uk/research/" "Mozilla/5.0 (Windows NT 6.1; Win64; x64; rv:53.0) Gecko/20100101 Firefox/53.0"
81.2.78.190 - - [20/May/2017:13:36:09 +0100] "POST /research/formresult.php HTTP/1.0" 302 205 "http://www.meganknight.uk/research/" "Mozilla/5.0 (Windows NT 6.1; Win64; x64; rv:53.0) Gecko/20100101 Firefox/53.0"
81.2.78.190 - - [20/May/2017:13:36:10 +0100] "GET /research/logintofacebook.php?userid=59203839e97a50.58466488 HTTP/1.0" 400 589 "http://www.meganknight.uk/research/" "Mozilla/5.0 (Windows NT 6.1; Win64; x64; rv:53.0) Gecko/20100101 Firefox/53.0"
81.2.78.190 - - [20/May/2017:13:36:12 +0100] "GET /research/getdatafromfacebook.php?userid=%2759203839e97a50.58466488%27&code=AQBsQPeIitkYQf4ME9BPqpefsGfQBnyJiVCsq8bqE9MW5_GcjC5uwYVm-k5rx9_-fCawa1fIfKPMaGwxK0AFBibtqkqGf1LCKjqyqf8y4ibgxCbjVRYjVGNcBy1lPe7e6Y_OLZGufmaAjehODx6eH1L5ZGA-9iyqEVaot6q8WKkN26WKOfYenyZyxr8lFZtNdJ6Z-mxLyV9-FYq9qmVAFVEslZzmXESk9WX3UlHanM8YHS61ABmnAPyPQ743dm0Ja1aw7Di9GKbqYZZ_SzWstP36PGAXm4pWAaWnpsXdXf59I_1UhNJlPGQWSM0yuwTyw2g&state=36f03c229482f7fa8bc272fdcb5d8cea HTTP/1.0" 302 188 "http://www.meganknight.uk/research/logintofacebook.php?userid=59203839e97a50.58466488" "Mozilla/5.0 (Windows NT 6.1; Win64; x64; rv:53.0) Gecko/20100101 Firefox/53.0"
81.2.78.190 - - [20/May/2017:13:36:15 +0100] "GET /research/surveyform.php?userid=59203839e97a50.58466488 HTTP/1.0" 200 2654 "http://www.meganknight.uk/research/logintofacebook.php?userid=59203839e97a50.58466488" "Mozilla/5.0 (Windows NT 6.1; Win64; x64; rv:53.0) Gecko/20100101 Firefox/53.0"
81.2.78.190 - - [20/May/2017:13:36:23 +0100] "POST /research/surveyresult.php?userid=%27$userid%27 HTTP/1.0" 200 328 "http://www.meganknight.uk/research/surveyform.php?userid=59203839e97a50.58466488" "Mozilla/5.0 (Windows NT 6.1; Win64; x64; rv:53.0) Gecko/20100101 Firefox/53.0"
81.2.78.190 - - [20/May/2017:13:37:18 +0100] "GET /research/surveyform.php?userid=592025b7740d63.90698734 HTTP/1.0" 200 2654 "http://www.meganknight.uk/research/logintofacebook.php?userid=592025b7740d63.90698734" "Mozilla/5.0 (Windows NT 6.1; Win64; x64) AppleWebKit/537.36 (KHTML, like Gecko) Chrome/58.0.3029.110 Safari/537.36"
81.2.78.190 - - [20/May/2017:13:37:18 +0100] "GET /research/logintofacebook.php?userid=592025b7740d63.90698734 HTTP/1.0" 400 589 "http://www.meganknight.uk/research/" "Mozilla/5.0 (Windows NT 6.1; Win64; x64) AppleWebKit/537.36 (KHTML, like Gecko) Chrome/58.0.3029.110 Safari/537.36"
81.2.78.190 - - [20/May/2017:13:37:19 +0100] "GET /favicon.ico HTTP/1.0" 200 - "http://www.meganknight.uk/research/logintofacebook.php?userid=592025b7740d63.90698734" "Mozilla/5.0 (Windows NT 6.1; Win64; x64) AppleWebKit/537.36 (KHTML, like Gecko) Chrome/58.0.3029.110 Safari/537.36"
81.2.78.190 - - [20/May/2017:13:37:19 +0100] "GET /favicon.ico HTTP/1.0" 200 - "http://www.meganknight.uk/research/" "Mozilla/5.0 (Windows NT 6.1; Win64; x64) AppleWebKit/537.36 (KHTML, like Gecko) Chrome/58.0.3029.110 Safari/537.36"
81.2.78.190 - - [20/May/2017:13:40:52 +0100] "GET /research/surveyform.php?userid=59203839e97a50.58466488 HTTP/1.0" 200 2654 "http://www.meganknight.uk/research/logintofacebook.php?userid=59203839e97a50.58466488" "Mozilla/5.0 (Windows NT 6.1; Win64; x64; rv:53.0) Gecko/20100101 Firefox/53.0"
81.2.78.190 - - [20/May/2017:13:40:53 +0100] "GET /research/logintofacebook.php?userid=59203839e97a50.58466488 HTTP/1.0" 400 589 "http://www.meganknight.uk/research/" "Mozilla/5.0 (Windows NT 6.1; Win64; x64; rv:53.0) Gecko/20100101 Firefox/53.0"
81.2.78.190 - - [20/May/2017:13:40:57 +0100] "POST /research/formresult.php HTTP/1.0" 302 205 "http://www.meganknight.uk/research/" "Mozilla/5.0 (Windows NT 6.1; Win64; x64; rv:53.0) Gecko/20100101 Firefox/53.0"
81.2.78.190 - - [20/May/2017:13:40:58 +0100] "GET /research/logintofacebook.php?userid=5920395a08f843.66839344 HTTP/1.0" 400 589 "http://www.meganknight.uk/research/" "Mozilla/5.0 (Windows NT 6.1; Win64; x64; rv:53.0) Gecko/20100101 Firefox/53.0"
81.2.78.190 - - [20/May/2017:13:40:59 +0100] "GET /research/getdatafromfacebook.php?userid=%275920395a08f843.66839344%27&code=AQAbKXbmO6nvtLvAIS_SW6Gf16fhCXICdJzX3GkRiT1CuB9XGH2makPVG1Id8De4FY1zNrefxBHi3VByZMAaCwfLWEWyZozYWUcmhIUzNsUgrd52O1TghLcrxmnnXqX3_VnPJqBfZhsUKkR5eDncXd0io25UFiYZp1bx94zs2f5P83LywnjdrVhR7QgI0JJerN3baNs6elbG421BLO7F8_IrzfA8NlxrmzjS_ClEOeMCkMA9Dz18LoL5JaRuh1e-A1JrMT0ngGRcoSrKCG90DpHcH7S82N0DM2j7QEFl1-U9mOJrLK1AwKieMzWa-u4JSYg&state=b46ed92b8f91d1d38b76c5c09516d3f4 HTTP/1.0" 302 188 "http://www.meganknight.uk/research/logintofacebook.php?userid=5920395a08f843.66839344" "Mozilla/5.0 (Windows NT 6.1; Win64; x64; rv:53.0) Gecko/20100101 Firefox/53.0"
81.2.78.190 - - [20/May/2017:13:41:03 +0100] "GET /research/surveyform.php?userid=5920395a08f843.66839344 HTTP/1.0" 200 2654 "http://www.meganknight.uk/research/logintofacebook.php?userid=5920395a08f843.66839344" "Mozilla/5.0 (Windows NT 6.1; Win64; x64; rv:53.0) Gecko/20100101 Firefox/53.0"
64.246.165.10 - - [20/May/2017:13:50:54 +0100] "GET /robots.txt HTTP/1.0" 200 67 "-" "Mozilla/5.0 (Windows; U; Windows NT 5.1; en; rv:1.9.0.13) Gecko/2009073022 Firefox/3.5.2 (.NET CLR 3.5.30729) SurveyBot/2.3 (DomainTools)"
64.246.165.10 - - [20/May/2017:13:50:57 +0100] "GET / HTTP/1.0" 200 138726 "http://whois.domaintools.com/meganknight.uk" "Mozilla/5.0 (Windows; U; Windows NT 5.1; en; rv:1.9.0.13) Gecko/2009073022 Firefox/3.5.2 (.NET CLR 3.5.30729) SurveyBot/2.3 (DomainTools)"
66.249.76.132 - - [20/May/2017:14:12:50 +0100] "GET /uncategorized/education-data-in-the-media/ HTTP/1.0" 200 41057 "-" "Mozilla/5.0 (compatible; Googlebot/2.1; +http://www.google.com/bot.html)"
10.10.110.18 - - [20/May/2017:14:12:55 +0100] "POST /wp-cron.php?doing_wp_cron=1495285975.5706439018249511718750 HTTP/1.0" 200 - "http://www.meganknight.uk/wp-cron.php?doing_wp_cron=1495285975.5706439018249511718750" "WordPress/4.7.3; http://www.meganknight.uk"
213.171.217.172 - - [20/May/2017:14:26:11 +0100] "GET / HTTP/1.0" 200 138726 "-" "Mozilla/5.0 (Windows NT 6.1; WOW64) AppleWebKit/537.36 (KHTML, like Gecko) Chrome/41.0.2272.101 Safari/537.36"
81.2.78.190 - - [20/May/2017:17:53:52 +0100] "GET /favicon.ico HTTP/1.0" 200 - "-" "Mozilla/5.0 (X11; Linux x86_64) AppleWebKit/537.36 (KHTML, like Gecko) Chrome/49.0.2623.75 Safari/537.36 Google Favicon"
81.2.78.190 - - [20/May/2017:18:16:08 +0100] "GET /researc/social-media-research-methods/ HTTP/1.0" 200 26967 "-" "Mozilla/5.0 (Windows NT 6.1; Win64; x64) AppleWebKit/537.36 (KHTML, like Gecko) Chrome/58.0.3029.110 Safari/537.36"
185.20.6.14 - - [20/May/2017:18:16:08 +0100] "GET /researc/social-media-research-methods/ HTTP/1.0" 200 26967 "-" "Mozilla/5.0 (TweetmemeBot/4.0; +http://datasift.com/bot.html) Gecko/20100101 Firefox/31.0"
81.2.78.190 - - [20/May/2017:18:16:17 +0100] "GET /wp-content/plugins/akismet/_inc/form.js?ver=3.3 HTTP/1.0" 200 700 "http://www.meganknight.uk/researc/social-media-research-methods/" "Mozilla/5.0 (Windows NT 6.1; Win64; x64) AppleWebKit/537.36 (KHTML, like Gecko) Chrome/58.0.3029.110 Safari/537.36"
81.2.78.190 - - [20/May/2017:18:16:17 +0100] "GET /wp-content/themes/twentyfifteen/js/skip-link-focus-fix.js?ver=20141010 HTTP/1.0" 200 727 "http://www.meganknight.uk/researc/social-media-research-methods/" "Mozilla/5.0 (Windows NT 6.1; Win64; x64) AppleWebKit/537.36 (KHTML, like Gecko) Chrome/58.0.3029.110 Safari/537.36"
81.2.78.190 - - [20/May/2017:18:16:17 +0100] "GET /wp-content/uploads/2017/03/IMG_4299.jpg HTTP/1.0" 200 3555577 "http://www.meganknight.uk/researc/social-media-research-methods/" "Mozilla/5.0 (Windows NT 6.1; Win64; x64) AppleWebKit/537.36 (KHTML, like Gecko) Chrome/58.0.3029.110 Safari/537.36"
10.10.110.18 - - [20/May/2017:18:16:14 +0100] "POST /wp-cron.php?doing_wp_cron=1495300574.5151820182800292968750 HTTP/1.0" 200 - "http://www.meganknight.uk/wp-cron.php?doing_wp_cron=1495300574.5151820182800292968750" "WordPress/4.7.3; http://www.meganknight.uk"
10.10.110.18 - - [20/May/2017:18:16:14 +0100] "POST /wp-cron.php?doing_wp_cron=1495300574.5126659870147705078125 HTTP/1.0" 200 - "http://www.meganknight.uk/wp-cron.php?doing_wp_cron=1495300574.5126659870147705078125" "WordPress/4.7.3; http://www.meganknight.uk"
81.2.78.190 - - [20/May/2017:18:16:24 +0100] "GET /favicon.ico HTTP/1.0" 200 - "http://www.meganknight.uk/researc/social-media-research-methods/" "Mozilla/5.0 (Windows NT 6.1; Win64; x64) AppleWebKit/537.36 (KHTML, like Gecko) Chrome/58.0.3029.110 Safari/537.36"
178.165.88.182 - - [20/May/2017:19:29:10 +0100] "POST /wp-login.php HTTP/1.0" 200 4923 "http://meganknight.uk/wp-login.php" "Mozilla/5.0 (Windows NT 10.0; WOW64) AppleWebKit/537.36 (KHTML, like Gecko) Chrome/53.0.2785.143 Safari/537.36"
10.10.110.18 - - [20/May/2017:19:29:13 +0100] "POST /wp-cron.php?doing_wp_cron=1495304953.2745571136474609375000 HTTP/1.0" 200 - "http://www.meganknight.uk/wp-cron.php?doing_wp_cron=1495304953.2745571136474609375000" "WordPress/4.7.3; http://www.meganknight.uk"
178.165.88.182 - - [20/May/2017:19:29:16 +0100] "POST /wp-login.php HTTP/1.0" 200 4973 "http://meganknight.uk/wp-login.php" "Mozilla/5.0 (Windows NT 10.0; WOW64) AppleWebKit/537.36 (KHTML, like Gecko) Chrome/53.0.2785.143 Safari/537.36"
77.81.110.107 - - [20/May/2017:19:43:31 +0100] "GET /category/internet/ HTTP/1.0" 200 77896 "http://www.meganknight.uk/" "Mozilla/5.0 (Macintosh; Intel Mac OS X 10_10_1) AppleWebKit/537.36 (KHTML, like Gecko) Chrome/39.0.2171.99 Safari/537.36"
77.81.110.107 - - [20/May/2017:19:43:34 +0100] "GET /wp-login.php?action=register HTTP/1.0" 302 - "http://www.meganknight.uk/" "Opera/9.80 (Windows NT 6.2; Win64; x64) Presto/2.12.388 Version/12.17"
77.81.110.107 - - [20/May/2017:19:43:34 +0100] "GET /wp-login.php?registration=disabled HTTP/1.0" 200 4829 "http://www.meganknight.uk/wp-login.php?action=register" "Opera/9.80 (Windows NT 6.2; Win64; x64) Presto/2.12.388 Version/12.17"
162.212.173.182 - - [20/May/2017:20:04:27 +0100] "GET /category/researc/ HTTP/1.0" 200 123949 "http://www.meganknight.uk/" "Mozilla/5.0 (Macintosh; Intel Mac OS X 10_10_1) AppleWebKit/537.36 (KHTML, like Gecko) Chrome/39.0.2171.99 Safari/537.36"
81.2.78.190 - - [20/May/2017:20:16:25 +0100] "GET / HTTP/1.0" 200 138726 "-" "Mozilla/5.0 (X11; Linux x86_64) AppleWebKit/537.36 (KHTML, like Gecko) Chrome/49.0.2623.75 Safari/537.36 Google Favicon"
10.10.110.18 - - [20/May/2017:20:16:28 +0100] "POST /wp-cron.php?doing_wp_cron=1495307788.5155448913574218750000 HTTP/1.0" 200 - "http://www.meganknight.uk/wp-cron.php?doing_wp_cron=1495307788.5155448913574218750000" "WordPress/4.7.3; http://www.meganknight.uk"
178.165.88.182 - - [20/May/2017:20:22:25 +0100] "POST /wp-login.php HTTP/1.0" 200 4924 "http://meganknight.uk/wp-login.php" "Mozilla/5.0 (Windows NT 10.0; WOW64) AppleWebKit/537.36 (KHTML, like Gecko) Chrome/53.0.2785.143 Safari/537.36"
178.165.88.182 - - [20/May/2017:20:22:29 +0100] "POST /wp-login.php HTTP/1.0" 200 4924 "http://meganknight.uk/wp-login.php" "Mozilla/5.0 (Windows NT 10.0; WOW64) AppleWebKit/537.36 (KHTML, like Gecko) Chrome/53.0.2785.143 Safari/537.36"
178.165.88.182 - - [20/May/2017:21:14:46 +0100] "POST /wp-login.php HTTP/1.0" 200 4923 "http://meganknight.uk/wp-login.php" "Mozilla/5.0 (Windows NT 10.0; WOW64) AppleWebKit/537.36 (KHTML, like Gecko) Chrome/53.0.2785.143 Safari/537.36"
10.10.110.18 - - [20/May/2017:21:14:49 +0100] "POST /wp-cron.php?doing_wp_cron=1495311289.8101980686187744140625 HTTP/1.0" 200 - "http://www.meganknight.uk/wp-cron.php?doing_wp_cron=1495311289.8101980686187744140625" "WordPress/4.7.3; http://www.meganknight.uk"
178.165.88.182 - - [20/May/2017:21:14:54 +0100] "POST /wp-login.php HTTP/1.0" 200 4971 "http://meganknight.uk/wp-login.php" "Mozilla/5.0 (Windows NT 10.0; WOW64) AppleWebKit/537.36 (KHTML, like Gecko) Chrome/53.0.2785.143 Safari/537.36"
178.165.88.182 - - [20/May/2017:22:06:45 +0100] "POST /wp-login.php HTTP/1.0" 200 4895 "http://meganknight.uk/wp-login.php" "Mozilla/5.0 (Windows NT 10.0; WOW64) AppleWebKit/537.36 (KHTML, like Gecko) Chrome/53.0.2785.143 Safari/537.36"
178.165.88.182 - - [20/May/2017:22:07:00 +0100] "GET /wp-admin/ HTTP/1.0" 302 - "http://meganknight.uk/wp-admin/" "Mozilla/5.0 (Windows NT 10.0; WOW64) AppleWebKit/537.36 (KHTML, like Gecko) Chrome/53.0.2785.143 Safari/537.36"
178.165.88.182 - - [20/May/2017:22:58:56 +0100] "POST /wp-login.php HTTP/1.0" 200 4895 "http://meganknight.uk/wp-login.php" "Mozilla/5.0 (Windows NT 10.0; WOW64) AppleWebKit/537.36 (KHTML, like Gecko) Chrome/53.0.2785.143 Safari/537.36"
10.10.110.18 - - [20/May/2017:22:58:59 +0100] "POST /wp-cron.php?doing_wp_cron=1495317538.7418820858001708984375 HTTP/1.0" 200 - "http://www.meganknight.uk/wp-cron.php?doing_wp_cron=1495317538.7418820858001708984375" "WordPress/4.7.3; http://www.meganknight.uk"
178.165.88.182 - - [20/May/2017:22:59:01 +0100] "GET /wp-admin/ HTTP/1.0" 302 - "http://meganknight.uk/wp-admin/" "Mozilla/5.0 (Windows NT 10.0; WOW64) AppleWebKit/537.36 (KHTML, like Gecko) Chrome/53.0.2785.143 Safari/537.36"
157.55.39.8 - - [21/May/2017:00:14:52 +0100] "GET /robots.txt HTTP/1.0" 200 67 "-" "Mozilla/5.0 (compatible; bingbot/2.0; +http://www.bing.com/bingbot.htm)"
10.10.110.18 - - [21/May/2017:00:14:57 +0100] "POST /wp-cron.php?doing_wp_cron=1495322097.3621311187744140625000 HTTP/1.0" 200 - "http://www.meganknight.uk/wp-cron.php?doing_wp_cron=1495322097.3621311187744140625000" "WordPress/4.7.3; http://www.meganknight.uk"
207.46.13.145 - - [21/May/2017:00:15:01 +0100] "GET /wp-content/uploads/2013/06/20130612-142702.jpg HTTP/1.0" 200 29 "-" "Mozilla/5.0 (compatible; bingbot/2.0; +http://www.bing.com/bingbot.htm)"
66.249.66.202 - - [21/May/2017:03:34:00 +0100] "GET /robots.txt HTTP/1.0" 200 67 "-" "Mozilla/5.0 (compatible; Googlebot/2.1; +http://www.google.com/bot.html)"
10.10.110.18 - - [21/May/2017:03:34:03 +0100] "POST /wp-cron.php?doing_wp_cron=1495334043.2056899070739746093750 HTTP/1.0" 200 - "http://www.meganknight.uk/wp-cron.php?doing_wp_cron=1495334043.2056899070739746093750" "WordPress/4.7.3; http://www.meganknight.uk"
66.249.76.132 - - [21/May/2017:03:34:12 +0100] "GET /research/ HTTP/1.0" 200 3715 "-" "Mozilla/5.0 (compatible; Googlebot/2.1; +http://www.google.com/bot.html)"
66.249.76.134 - - [21/May/2017:05:05:53 +0100] "GET /robots.txt HTTP/1.0" 200 67 "-" "Mozilla/5.0 (compatible; Googlebot/2.1; +http://www.google.com/bot.html)"
10.10.110.18 - - [21/May/2017:05:05:56 +0100] "POST /wp-cron.php?doing_wp_cron=1495339556.2157509326934814453125 HTTP/1.0" 200 - "http://www.meganknight.uk/wp-cron.php?doing_wp_cron=1495339556.2157509326934814453125" "WordPress/4.7.3; http://www.meganknight.uk"
66.249.76.132 - - [21/May/2017:05:05:58 +0100] "GET /.well-known/assetlinks.json HTTP/1.0" 404 20338 "-" "Mozilla/5.0 (compatible; Googlebot/2.1; +http://www.google.com/bot.html)"
107.175.71.184 - - [21/May/2017:07:06:07 +0100] "GET /category/researc/ HTTP/1.0" 200 123949 "http://www.meganknight.uk/" "Mozilla/5.0 (Macintosh; Intel Mac OS X 10_10_1) AppleWebKit/537.36 (KHTML, like Gecko) Chrome/39.0.2171.99 Safari/537.36"
10.10.110.18 - - [21/May/2017:07:06:11 +0100] "POST /wp-cron.php?doing_wp_cron=1495346770.9418170452117919921875 HTTP/1.0" 200 - "http://www.meganknight.uk/wp-cron.php?doing_wp_cron=1495346770.9418170452117919921875" "WordPress/4.7.3; http://www.meganknight.uk"
213.171.217.172 - - [21/May/2017:08:01:26 +0100] "GET / HTTP/1.0" 200 138726 "-" "Mozilla/5.0 (Windows NT 6.1; WOW64) AppleWebKit/537.36 (KHTML, like Gecko) Chrome/41.0.2272.101 Safari/537.36"
10.10.110.18 - - [21/May/2017:08:01:30 +0100] "POST /wp-cron.php?doing_wp_cron=1495350090.0392110347747802734375 HTTP/1.0" 200 - "http://www.meganknight.uk/wp-cron.php?doing_wp_cron=1495350090.0392110347747802734375" "WordPress/4.7.3; http://www.meganknight.uk"
88.208.252.24 - - [21/May/2017:08:35:54 +0100] "GET / HTTP/1.0" 200 138726 "-" "Installatron Server/4.1.30"
10.10.110.18 - - [21/May/2017:08:35:58 +0100] "POST /wp-cron.php?doing_wp_cron=1495352157.8979229927062988281250 HTTP/1.0" 200 - "http://www.meganknight.uk/wp-cron.php?doing_wp_cron=1495352157.8979229927062988281250" "WordPress/4.7.3; http://www.meganknight.uk"
138.201.125.171 - - [21/May/2017:08:36:03 +0100] "GET /wp-content/plugins/flickr-badges-widget/css/widget.css?ver=0.7 HTTP/1.0" 200 330 "http://www.meganknight.uk/" "Mozilla/5.0 AppleWebKit/536.30.1 (KHTML, like Gecko) Version/6.0.5 Safari/536.30.1 Installatron (Mimicking WebKit)"
138.201.125.171 - - [21/May/2017:08:36:03 +0100] "GET /wp-content/themes/twentyfifteen/style.css?ver=4.7.3 HTTP/1.0" 200 97685 "http://www.meganknight.uk/" "Mozilla/5.0 AppleWebKit/536.30.1 (KHTML, like Gecko) Version/6.0.5 Safari/536.30.1 Installatron (Mimicking WebKit)"
138.201.125.171 - - [21/May/2017:08:36:03 +0100] "GET /wp-content/themes/twentyfifteen/genericons/genericons.css?ver=3.2 HTTP/1.0" 200 27519 "http://www.meganknight.uk/" "Mozilla/5.0 AppleWebKit/536.30.1 (KHTML, like Gecko) Version/6.0.5 Safari/536.30.1 Installatron (Mimicking WebKit)"
138.201.125.171 - - [21/May/2017:08:36:03 +0100] "GET /wp-includes/js/wp-emoji-release.min.js?ver=4.7.3 HTTP/1.0" 200 11414 "http://www.meganknight.uk/" "Mozilla/5.0 AppleWebKit/536.30.1 (KHTML, like Gecko) Version/6.0.5 Safari/536.30.1 Installatron (Mimicking WebKit)"
138.201.125.171 - - [21/May/2017:08:36:04 +0100] "GET /wp-includes/js/jquery/jquery.js?ver=1.12.4 HTTP/1.0" 200 97184 "http://www.meganknight.uk/" "Mozilla/5.0 AppleWebKit/536.30.1 (KHTML, like Gecko) Version/6.0.5 Safari/536.30.1 Installatron (Mimicking WebKit)"
138.201.125.171 - - [21/May/2017:08:36:04 +0100] "GET /wp-includes/js/jquery/jquery-migrate.min.js?ver=1.4.1 HTTP/1.0" 200 10056 "http://www.meganknight.uk/" "Mozilla/5.0 AppleWebKit/536.30.1 (KHTML, like Gecko) Version/6.0.5 Safari/536.30.1 Installatron (Mimicking WebKit)"
138.201.125.171 - - [21/May/2017:08:36:02 +0100] "GET / HTTP/1.0" 200 138726 "-" "Mozilla/5.0 AppleWebKit/536.30.1 (KHTML, like Gecko) Version/6.0.5 Safari/536.30.1 Installatron (Mimicking WebKit)"
138.201.125.171 - - [21/May/2017:08:36:04 +0100] "GET /wp-content/uploads/2016/04/newspapers-2.png HTTP/1.0" 200 29 "http://www.meganknight.uk/" "Mozilla/5.0 AppleWebKit/536.30.1 (KHTML, like Gecko) Version/6.0.5 Safari/536.30.1 Installatron (Mimicking WebKit)"
138.201.125.171 - - [21/May/2017:08:36:04 +0100] "GET /wp-content/uploads/2017/03/IMG_4299.jpg HTTP/1.0" 200 3555577 "http://www.meganknight.uk/" "Mozilla/5.0 AppleWebKit/536.30.1 (KHTML, like Gecko) Version/6.0.5 Safari/536.30.1 Installatron (Mimicking WebKit)"
138.201.125.171 - - [21/May/2017:08:36:04 +0100] "GET /wp-content/uploads/2015/10/printing-300x252.jpg HTTP/1.0" 404 20338 "http://www.meganknight.uk/" "Mozilla/5.0 AppleWebKit/536.30.1 (KHTML, like Gecko) Version/6.0.5 Safari/536.30.1 Installatron (Mimicking WebKit)"
138.201.125.171 - - [21/May/2017:08:36:04 +0100] "GET /wp-content/uploads/2015/10/067-300x225.jpg HTTP/1.0" 404 20338 "http://www.meganknight.uk/" "Mozilla/5.0 AppleWebKit/536.30.1 (KHTML, like Gecko) Version/6.0.5 Safari/536.30.1 Installatron (Mimicking WebKit)"
138.201.125.171 - - [21/May/2017:08:36:05 +0100] "GET /wp-content/uploads/2015/10/nyt-two-300x300.png HTTP/1.0" 404 20338 "http://www.meganknight.uk/" "Mozilla/5.0 AppleWebKit/536.30.1 (KHTML, like Gecko) Version/6.0.5 Safari/536.30.1 Installatron (Mimicking WebKit)"
138.201.125.171 - - [21/May/2017:08:36:05 +0100] "GET /wp-content/uploads/2015/10/guardian-one-300x170.png HTTP/1.0" 404 20338 "http://www.meganknight.uk/" "Mozilla/5.0 AppleWebKit/536.30.1 (KHTML, like Gecko) Version/6.0.5 Safari/536.30.1 Installatron (Mimicking WebKit)"
138.201.125.171 - - [21/May/2017:08:36:07 +0100] "GET /wp-content/uploads/2015/10/nyt-three-300x179.png HTTP/1.0" 404 20338 "http://www.meganknight.uk/" "Mozilla/5.0 AppleWebKit/536.30.1 (KHTML, like Gecko) Version/6.0.5 Safari/536.30.1 Installatron (Mimicking WebKit)"
138.201.125.171 - - [21/May/2017:08:36:08 +0100] "GET /wp-content/uploads/2015/10/economist-two-272x300.png HTTP/1.0" 404 20338 "http://www.meganknight.uk/" "Mozilla/5.0 AppleWebKit/536.30.1 (KHTML, like Gecko) Version/6.0.5 Safari/536.30.1 Installatron (Mimicking WebKit)"
138.201.125.171 - - [21/May/2017:08:36:04 +0100] "GET /wp-content/uploads/2015/10/telegraph-one-236x300.png HTTP/1.0" 404 20338 "http://www.meganknight.uk/" "Mozilla/5.0 AppleWebKit/536.30.1 (KHTML, like Gecko) Version/6.0.5 Safari/536.30.1 Installatron (Mimicking WebKit)"
138.201.125.171 - - [21/May/2017:08:36:04 +0100] "GET /wp-content/uploads/2015/10/nyt-one-300x229.png HTTP/1.0" 404 20338 "http://www.meganknight.uk/" "Mozilla/5.0 AppleWebKit/536.30.1 (KHTML, like Gecko) Version/6.0.5 Safari/536.30.1 Installatron (Mimicking WebKit)"
138.201.125.171 - - [21/May/2017:08:36:05 +0100] "GET /wp-content/uploads/2015/10/economist-one-300x194.png HTTP/1.0" 404 20338 "http://www.meganknight.uk/" "Mozilla/5.0 AppleWebKit/536.30.1 (KHTML, like Gecko) Version/6.0.5 Safari/536.30.1 Installatron (Mimicking WebKit)"
138.201.125.171 - - [21/May/2017:08:36:04 +0100] "GET /wp-content/uploads/2015/10/0641-300x247.jpg HTTP/1.0" 404 20338 "http://www.meganknight.uk/" "Mozilla/5.0 AppleWebKit/536.30.1 (KHTML, like Gecko) Version/6.0.5 Safari/536.30.1 Installatron (Mimicking WebKit)"
138.201.125.171 - - [21/May/2017:08:36:09 +0100] "GET /wp-content/uploads/2015/10/nyt-four-300x224.png HTTP/1.0" 404 20338 "http://www.meganknight.uk/" "Mozilla/5.0 AppleWebKit/536.30.1 (KHTML, like Gecko) Version/6.0.5 Safari/536.30.1 Installatron (Mimicking WebKit)"
138.201.125.171 - - [21/May/2017:08:36:10 +0100] "GET /wp-content/uploads/2015/10/economist-six-300x246.png HTTP/1.0" 404 20338 "http://www.meganknight.uk/" "Mozilla/5.0 AppleWebKit/536.30.1 (KHTML, like Gecko) Version/6.0.5 Safari/536.30.1 Installatron (Mimicking WebKit)"
138.201.125.171 - - [21/May/2017:08:36:10 +0100] "GET /wp-content/uploads/2015/10/nyt-five-300x260.png HTTP/1.0" 404 20338 "http://www.meganknight.uk/" "Mozilla/5.0 AppleWebKit/536.30.1 (KHTML, like Gecko) Version/6.0.5 Safari/536.30.1 Installatron (Mimicking WebKit)"
138.201.125.171 - - [21/May/2017:08:36:10 +0100] "GET /wp-content/uploads/2015/10/guardian-two-300x112.png HTTP/1.0" 404 20338 "http://www.meganknight.uk/" "Mozilla/5.0 AppleWebKit/536.30.1 (KHTML, like Gecko) Version/6.0.5 Safari/536.30.1 Installatron (Mimicking WebKit)"
138.201.125.171 - - [21/May/2017:08:36:11 +0100] "GET /wp-content/uploads/2015/10/telegraph-two-300x195.png HTTP/1.0" 404 20338 "http://www.meganknight.uk/" "Mozilla/5.0 AppleWebKit/536.30.1 (KHTML, like Gecko) Version/6.0.5 Safari/536.30.1 Installatron (Mimicking WebKit)"
138.201.125.171 - - [21/May/2017:08:36:11 +0100] "GET /wp-content/uploads/2015/10/telegraph-three-300x200.jpg HTTP/1.0" 404 20338 "http://www.meganknight.uk/" "Mozilla/5.0 AppleWebKit/536.30.1 (KHTML, like Gecko) Version/6.0.5 Safari/536.30.1 Installatron (Mimicking WebKit)"
138.201.125.171 - - [21/May/2017:08:36:11 +0100] "GET /wp-content/uploads/2015/10/telegraph-four-88x300.png HTTP/1.0" 404 20338 "http://www.meganknight.uk/" "Mozilla/5.0 AppleWebKit/536.30.1 (KHTML, like Gecko) Version/6.0.5 Safari/536.30.1 Installatron (Mimicking WebKit)"
50.63.85.70 - - [21/May/2017:08:36:12 +0100] "GET / HTTP/1.0" 200 138726 "-" "Mozilla/5.0 AppleWebKit/536.30.1 (KHTML, like Gecko) Version/6.0.5 Safari/536.30.1 Installatron (Mimicking WebKit)"
50.63.85.70 - - [21/May/2017:08:36:14 +0100] "GET /wp-includes/js/wp-emoji-release.min.js?ver=4.7.3 HTTP/1.0" 200 11414 "http://www.meganknight.uk/" "Mozilla/5.0 AppleWebKit/536.30.1 (KHTML, like Gecko) Version/6.0.5 Safari/536.30.1 Installatron (Mimicking WebKit)"
50.63.85.70 - - [21/May/2017:08:36:14 +0100] "GET /wp-content/plugins/flickr-badges-widget/css/widget.css?ver=0.7 HTTP/1.0" 200 330 "http://www.meganknight.uk/" "Mozilla/5.0 AppleWebKit/536.30.1 (KHTML, like Gecko) Version/6.0.5 Safari/536.30.1 Installatron (Mimicking WebKit)"
50.63.85.70 - - [21/May/2017:08:36:14 +0100] "GET /wp-includes/js/jquery/jquery.js?ver=1.12.4 HTTP/1.0" 200 97184 "http://www.meganknight.uk/" "Mozilla/5.0 AppleWebKit/536.30.1 (KHTML, like Gecko) Version/6.0.5 Safari/536.30.1 Installatron (Mimicking WebKit)"
50.63.85.70 - - [21/May/2017:08:36:14 +0100] "GET /wp-content/themes/twentyfifteen/genericons/genericons.css?ver=3.2 HTTP/1.0" 200 27519 "http://www.meganknight.uk/" "Mozilla/5.0 AppleWebKit/536.30.1 (KHTML, like Gecko) Version/6.0.5 Safari/536.30.1 Installatron (Mimicking WebKit)"
50.63.85.70 - - [21/May/2017:08:36:14 +0100] "GET /wp-content/themes/twentyfifteen/style.css?ver=4.7.3 HTTP/1.0" 200 97685 "http://www.meganknight.uk/" "Mozilla/5.0 AppleWebKit/536.30.1 (KHTML, like Gecko) Version/6.0.5 Safari/536.30.1 Installatron (Mimicking WebKit)"
50.63.85.70 - - [21/May/2017:08:36:14 +0100] "GET /wp-includes/js/jquery/jquery-migrate.min.js?ver=1.4.1 HTTP/1.0" 200 10056 "http://www.meganknight.uk/" "Mozilla/5.0 AppleWebKit/536.30.1 (KHTML, like Gecko) Version/6.0.5 Safari/536.30.1 Installatron (Mimicking WebKit)"
50.63.85.70 - - [21/May/2017:08:36:15 +0100] "GET /wp-content/uploads/2016/04/newspapers-2.png HTTP/1.0" 200 29 "http://www.meganknight.uk/" "Mozilla/5.0 AppleWebKit/536.30.1 (KHTML, like Gecko) Version/6.0.5 Safari/536.30.1 Installatron (Mimicking WebKit)"
50.63.85.70 - - [21/May/2017:08:36:15 +0100] "GET /wp-content/themes/twentyfifteen/js/skip-link-focus-fix.js?ver=20141010 HTTP/1.0" 200 727 "http://www.meganknight.uk/" "Mozilla/5.0 AppleWebKit/536.30.1 (KHTML, like Gecko) Version/6.0.5 Safari/536.30.1 Installatron (Mimicking WebKit)"
50.63.85.70 - - [21/May/2017:08:36:15 +0100] "GET /wp-content/themes/twentyfifteen/js/functions.js?ver=20150330 HTTP/1.0" 200 5920 "http://www.meganknight.uk/" "Mozilla/5.0 AppleWebKit/536.30.1 (KHTML, like Gecko) Version/6.0.5 Safari/536.30.1 Installatron (Mimicking WebKit)"
50.63.85.70 - - [21/May/2017:08:36:15 +0100] "GET /wp-includes/js/wp-embed.min.js?ver=4.7.3 HTTP/1.0" 200 1398 "http://www.meganknight.uk/" "Mozilla/5.0 AppleWebKit/536.30.1 (KHTML, like Gecko) Version/6.0.5 Safari/536.30.1 Installatron (Mimicking WebKit)"
50.63.85.70 - - [21/May/2017:08:36:15 +0100] "GET /wp-content/uploads/2017/03/IMG_4299.jpg HTTP/1.0" 200 3555577 "http://www.meganknight.uk/" "Mozilla/5.0 AppleWebKit/536.30.1 (KHTML, like Gecko) Version/6.0.5 Safari/536.30.1 Installatron (Mimicking WebKit)"
50.63.85.70 - - [21/May/2017:08:36:15 +0100] "GET /wp-content/uploads/2015/10/067-300x225.jpg HTTP/1.0" 404 20338 "http://www.meganknight.uk/" "Mozilla/5.0 AppleWebKit/536.30.1 (KHTML, like Gecko) Version/6.0.5 Safari/536.30.1 Installatron (Mimicking WebKit)"
50.63.85.70 - - [21/May/2017:08:36:15 +0100] "GET /wp-content/uploads/2015/10/0641-300x247.jpg HTTP/1.0" 404 20338 "http://www.meganknight.uk/" "Mozilla/5.0 AppleWebKit/536.30.1 (KHTML, like Gecko) Version/6.0.5 Safari/536.30.1 Installatron (Mimicking WebKit)"
50.63.85.70 - - [21/May/2017:08:36:15 +0100] "GET /wp-content/uploads/2015/10/telegraph-one-236x300.png HTTP/1.0" 404 20338 "http://www.meganknight.uk/" "Mozilla/5.0 AppleWebKit/536.30.1 (KHTML, like Gecko) Version/6.0.5 Safari/536.30.1 Installatron (Mimicking WebKit)"
50.63.85.70 - - [21/May/2017:08:36:15 +0100] "GET /wp-content/uploads/2015/10/printing-300x252.jpg HTTP/1.0" 404 20338 "http://www.meganknight.uk/" "Mozilla/5.0 AppleWebKit/536.30.1 (KHTML, like Gecko) Version/6.0.5 Safari/536.30.1 Installatron (Mimicking WebKit)"
50.63.85.70 - - [21/May/2017:08:36:15 +0100] "GET /wp-content/uploads/2015/10/nyt-one-300x229.png HTTP/1.0" 404 20338 "http://www.meganknight.uk/" "Mozilla/5.0 AppleWebKit/536.30.1 (KHTML, like Gecko) Version/6.0.5 Safari/536.30.1 Installatron (Mimicking WebKit)"
50.63.85.70 - - [21/May/2017:08:36:17 +0100] "GET /wp-content/uploads/2015/10/economist-one-300x194.png HTTP/1.0" 404 20338 "http://www.meganknight.uk/" "Mozilla/5.0 AppleWebKit/536.30.1 (KHTML, like Gecko) Version/6.0.5 Safari/536.30.1 Installatron (Mimicking WebKit)"
50.63.85.70 - - [21/May/2017:08:36:17 +0100] "GET /wp-content/uploads/2015/10/nyt-two-300x300.png HTTP/1.0" 404 20338 "http://www.meganknight.uk/" "Mozilla/5.0 AppleWebKit/536.30.1 (KHTML, like Gecko) Version/6.0.5 Safari/536.30.1 Installatron (Mimicking WebKit)"
50.63.85.70 - - [21/May/2017:08:36:17 +0100] "GET /wp-content/uploads/2015/10/economist-two-272x300.png HTTP/1.0" 404 20338 "http://www.meganknight.uk/" "Mozilla/5.0 AppleWebKit/536.30.1 (KHTML, like Gecko) Version/6.0.5 Safari/536.30.1 Installatron (Mimicking WebKit)"
50.63.85.70 - - [21/May/2017:08:36:17 +0100] "GET /wp-content/uploads/2015/10/nyt-three-300x179.png HTTP/1.0" 404 20338 "http://www.meganknight.uk/" "Mozilla/5.0 AppleWebKit/536.30.1 (KHTML, like Gecko) Version/6.0.5 Safari/536.30.1 Installatron (Mimicking WebKit)"
50.63.85.70 - - [21/May/2017:08:36:17 +0100] "GET /wp-content/uploads/2015/10/guardian-one-300x170.png HTTP/1.0" 404 20338 "http://www.meganknight.uk/" "Mozilla/5.0 AppleWebKit/536.30.1 (KHTML, like Gecko) Version/6.0.5 Safari/536.30.1 Installatron (Mimicking WebKit)"
50.63.85.70 - - [21/May/2017:08:36:17 +0100] "GET /wp-content/uploads/2015/10/nyt-four-300x224.png HTTP/1.0" 404 20338 "http://www.meganknight.uk/" "Mozilla/5.0 AppleWebKit/536.30.1 (KHTML, like Gecko) Version/6.0.5 Safari/536.30.1 Installatron (Mimicking WebKit)"
50.63.85.70 - - [21/May/2017:08:36:19 +0100] "GET /wp-content/uploads/2015/10/economist-six-300x246.png HTTP/1.0" 404 20338 "http://www.meganknight.uk/" "Mozilla/5.0 AppleWebKit/536.30.1 (KHTML, like Gecko) Version/6.0.5 Safari/536.30.1 Installatron (Mimicking WebKit)"
50.63.85.70 - - [21/May/2017:08:36:19 +0100] "GET /wp-content/uploads/2015/10/nyt-five-300x260.png HTTP/1.0" 404 20338 "http://www.meganknight.uk/" "Mozilla/5.0 AppleWebKit/536.30.1 (KHTML, like Gecko) Version/6.0.5 Safari/536.30.1 Installatron (Mimicking WebKit)"
50.63.85.70 - - [21/May/2017:08:36:19 +0100] "GET /wp-content/uploads/2015/10/guardian-two-300x112.png HTTP/1.0" 404 20338 "http://www.meganknight.uk/" "Mozilla/5.0 AppleWebKit/536.30.1 (KHTML, like Gecko) Version/6.0.5 Safari/536.30.1 Installatron (Mimicking WebKit)"
50.63.85.70 - - [21/May/2017:08:36:19 +0100] "GET /wp-content/uploads/2015/10/telegraph-two-300x195.png HTTP/1.0" 404 20338 "http://www.meganknight.uk/" "Mozilla/5.0 AppleWebKit/536.30.1 (KHTML, like Gecko) Version/6.0.5 Safari/536.30.1 Installatron (Mimicking WebKit)"
50.63.85.70 - - [21/May/2017:08:36:20 +0100] "GET /wp-content/uploads/2015/10/telegraph-four-88x300.png HTTP/1.0" 404 20338 "http://www.meganknight.uk/" "Mozilla/5.0 AppleWebKit/536.30.1 (KHTML, like Gecko) Version/6.0.5 Safari/536.30.1 Installatron (Mimicking WebKit)"
50.63.85.70 - - [21/May/2017:08:36:20 +0100] "GET /wp-content/uploads/2015/10/telegraph-three-300x200.jpg HTTP/1.0" 404 20338 "http://www.meganknight.uk/" "Mozilla/5.0 AppleWebKit/536.30.1 (KHTML, like Gecko) Version/6.0.5 Safari/536.30.1 Installatron (Mimicking WebKit)"
50.63.85.70 - - [21/May/2017:08:36:22 +0100] "GET /wp-content/themes/twentyfifteen/genericons/Genericons.svg HTTP/1.0" 200 78913 "http://www.meganknight.uk/" "Mozilla/5.0 AppleWebKit/536.30.1 (KHTML, like Gecko) Version/6.0.5 Safari/536.30.1 Installatron (Mimicking WebKit)"
50.63.85.70 - - [21/May/2017:08:36:22 +0100] "GET /wp-content/themes/twentyfifteen/genericons/Genericons.ttf HTTP/1.0" 200 22576 "http://www.meganknight.uk/" "Mozilla/5.0 AppleWebKit/536.30.1 (KHTML, like Gecko) Version/6.0.5 Safari/536.30.1 Installatron (Mimicking WebKit)"
50.63.85.70 - - [21/May/2017:08:36:22 +0100] "GET /wp-content/uploads/2016/04/newspapers-2.png HTTP/1.0" 200 29 "http://www.meganknight.uk/" "Mozilla/5.0 AppleWebKit/536.30.1 (KHTML, like Gecko) Version/6.0.5 Safari/536.30.1 Installatron (Mimicking WebKit)"
50.63.85.70 - - [21/May/2017:08:36:21 +0100] "GET /wp-content/uploads/2015/10/nyt-six-300x138.png HTTP/1.0" 404 20338 "http://www.meganknight.uk/" "Mozilla/5.0 AppleWebKit/536.30.1 (KHTML, like Gecko) Version/6.0.5 Safari/536.30.1 Installatron (Mimicking WebKit)"
50.63.85.70 - - [21/May/2017:08:36:21 +0100] "GET /wp-content/uploads/2015/10/nyt-seven-300x204.png HTTP/1.0" 404 20338 "http://www.meganknight.uk/" "Mozilla/5.0 AppleWebKit/536.30.1 (KHTML, like Gecko) Version/6.0.5 Safari/536.30.1 Installatron (Mimicking WebKit)"
50.63.85.70 - - [21/May/2017:08:36:21 +0100] "GET /wp-content/uploads/2015/10/nyt-eight-300x184.png HTTP/1.0" 404 20338 "http://www.meganknight.uk/" "Mozilla/5.0 AppleWebKit/536.30.1 (KHTML, like Gecko) Version/6.0.5 Safari/536.30.1 Installatron (Mimicking WebKit)"
116.251.217.48 - - [21/May/2017:08:36:23 +0100] "GET / HTTP/1.0" 200 138726 "-" "Mozilla/5.0 AppleWebKit/536.30.1 (KHTML, like Gecko) Version/6.0.5 Safari/536.30.1 Installatron (Mimicking WebKit)"
116.251.217.48 - - [21/May/2017:08:36:25 +0100] "GET /wp-includes/js/wp-emoji-release.min.js?ver=4.7.3 HTTP/1.0" 200 11414 "http://www.meganknight.uk/" "Mozilla/5.0 AppleWebKit/536.30.1 (KHTML, like Gecko) Version/6.0.5 Safari/536.30.1 Installatron (Mimicking WebKit)"
116.251.217.48 - - [21/May/2017:08:36:25 +0100] "GET /wp-content/plugins/flickr-badges-widget/css/widget.css?ver=0.7 HTTP/1.0" 200 330 "http://www.meganknight.uk/" "Mozilla/5.0 AppleWebKit/536.30.1 (KHTML, like Gecko) Version/6.0.5 Safari/536.30.1 Installatron (Mimicking WebKit)"
116.251.217.48 - - [21/May/2017:08:36:25 +0100] "GET /wp-content/themes/twentyfifteen/genericons/genericons.css?ver=3.2 HTTP/1.0" 200 27519 "http://www.meganknight.uk/" "Mozilla/5.0 AppleWebKit/536.30.1 (KHTML, like Gecko) Version/6.0.5 Safari/536.30.1 Installatron (Mimicking WebKit)"
116.251.217.48 - - [21/May/2017:08:36:25 +0100] "GET /wp-includes/js/jquery/jquery.js?ver=1.12.4 HTTP/1.0" 200 97184 "http://www.meganknight.uk/" "Mozilla/5.0 AppleWebKit/536.30.1 (KHTML, like Gecko) Version/6.0.5 Safari/536.30.1 Installatron (Mimicking WebKit)"
116.251.217.48 - - [21/May/2017:08:36:25 +0100] "GET /wp-content/themes/twentyfifteen/style.css?ver=4.7.3 HTTP/1.0" 200 97685 "http://www.meganknight.uk/" "Mozilla/5.0 AppleWebKit/536.30.1 (KHTML, like Gecko) Version/6.0.5 Safari/536.30.1 Installatron (Mimicking WebKit)"
116.251.217.48 - - [21/May/2017:08:36:25 +0100] "GET /wp-includes/js/jquery/jquery-migrate.min.js?ver=1.4.1 HTTP/1.0" 200 10056 "http://www.meganknight.uk/" "Mozilla/5.0 AppleWebKit/536.30.1 (KHTML, like Gecko) Version/6.0.5 Safari/536.30.1 Installatron (Mimicking WebKit)"
116.251.217.48 - - [21/May/2017:08:36:26 +0100] "GET /wp-content/themes/twentyfifteen/js/skip-link-focus-fix.js?ver=20141010 HTTP/1.0" 200 727 "http://www.meganknight.uk/" "Mozilla/5.0 AppleWebKit/536.30.1 (KHTML, like Gecko) Version/6.0.5 Safari/536.30.1 Installatron (Mimicking WebKit)"
116.251.217.48 - - [21/May/2017:08:36:26 +0100] "GET /wp-content/uploads/2016/04/newspapers-2.png HTTP/1.0" 200 29 "http://www.meganknight.uk/" "Mozilla/5.0 AppleWebKit/536.30.1 (KHTML, like Gecko) Version/6.0.5 Safari/536.30.1 Installatron (Mimicking WebKit)"
116.251.217.48 - - [21/May/2017:08:36:26 +0100] "GET /wp-includes/js/wp-embed.min.js?ver=4.7.3 HTTP/1.0" 200 1398 "http://www.meganknight.uk/" "Mozilla/5.0 AppleWebKit/536.30.1 (KHTML, like Gecko) Version/6.0.5 Safari/536.30.1 Installatron (Mimicking WebKit)"
116.251.217.48 - - [21/May/2017:08:36:26 +0100] "GET /wp-content/themes/twentyfifteen/js/functions.js?ver=20150330 HTTP/1.0" 200 5920 "http://www.meganknight.uk/" "Mozilla/5.0 AppleWebKit/536.30.1 (KHTML, like Gecko) Version/6.0.5 Safari/536.30.1 Installatron (Mimicking WebKit)"
116.251.217.48 - - [21/May/2017:08:36:26 +0100] "GET /wp-content/uploads/2017/03/IMG_4299.jpg HTTP/1.0" 200 3555577 "http://www.meganknight.uk/" "Mozilla/5.0 AppleWebKit/536.30.1 (KHTML, like Gecko) Version/6.0.5 Safari/536.30.1 Installatron (Mimicking WebKit)"
116.251.217.48 - - [21/May/2017:08:36:26 +0100] "GET /wp-content/uploads/2015/10/067-300x225.jpg HTTP/1.0" 404 20338 "http://www.meganknight.uk/" "Mozilla/5.0 AppleWebKit/536.30.1 (KHTML, like Gecko) Version/6.0.5 Safari/536.30.1 Installatron (Mimicking WebKit)"
116.251.217.48 - - [21/May/2017:08:36:26 +0100] "GET /wp-content/uploads/2015/10/nyt-one-300x229.png HTTP/1.0" 404 20338 "http://www.meganknight.uk/" "Mozilla/5.0 AppleWebKit/536.30.1 (KHTML, like Gecko) Version/6.0.5 Safari/536.30.1 Installatron (Mimicking WebKit)"
116.251.217.48 - - [21/May/2017:08:36:26 +0100] "GET /wp-content/uploads/2015/10/0641-300x247.jpg HTTP/1.0" 404 20338 "http://www.meganknight.uk/" "Mozilla/5.0 AppleWebKit/536.30.1 (KHTML, like Gecko) Version/6.0.5 Safari/536.30.1 Installatron (Mimicking WebKit)"
116.251.217.48 - - [21/May/2017:08:36:26 +0100] "GET /wp-content/uploads/2015/10/telegraph-one-236x300.png HTTP/1.0" 404 20338 "http://www.meganknight.uk/" "Mozilla/5.0 AppleWebKit/536.30.1 (KHTML, like Gecko) Version/6.0.5 Safari/536.30.1 Installatron (Mimicking WebKit)"
116.251.217.48 - - [21/May/2017:08:36:26 +0100] "GET /wp-content/uploads/2015/10/printing-300x252.jpg HTTP/1.0" 404 20338 "http://www.meganknight.uk/" "Mozilla/5.0 AppleWebKit/536.30.1 (KHTML, like Gecko) Version/6.0.5 Safari/536.30.1 Installatron (Mimicking WebKit)"
116.251.217.48 - - [21/May/2017:08:36:28 +0100] "GET /wp-content/uploads/2015/10/economist-one-300x194.png HTTP/1.0" 404 20338 "http://www.meganknight.uk/" "Mozilla/5.0 AppleWebKit/536.30.1 (KHTML, like Gecko) Version/6.0.5 Safari/536.30.1 Installatron (Mimicking WebKit)"
116.251.217.48 - - [21/May/2017:08:36:28 +0100] "GET /wp-content/uploads/2015/10/nyt-two-300x300.png HTTP/1.0" 404 20338 "http://www.meganknight.uk/" "Mozilla/5.0 AppleWebKit/536.30.1 (KHTML, like Gecko) Version/6.0.5 Safari/536.30.1 Installatron (Mimicking WebKit)"
116.251.217.48 - - [21/May/2017:08:36:28 +0100] "GET /wp-content/uploads/2015/10/guardian-one-300x170.png HTTP/1.0" 404 20338 "http://www.meganknight.uk/" "Mozilla/5.0 AppleWebKit/536.30.1 (KHTML, like Gecko) Version/6.0.5 Safari/536.30.1 Installatron (Mimicking WebKit)"
116.251.217.48 - - [21/May/2017:08:36:28 +0100] "GET /wp-content/uploads/2015/10/nyt-four-300x224.png HTTP/1.0" 404 20338 "http://www.meganknight.uk/" "Mozilla/5.0 AppleWebKit/536.30.1 (KHTML, like Gecko) Version/6.0.5 Safari/536.30.1 Installatron (Mimicking WebKit)"
116.251.217.48 - - [21/May/2017:08:36:28 +0100] "GET /wp-content/uploads/2015/10/nyt-three-300x179.png HTTP/1.0" 404 20338 "http://www.meganknight.uk/" "Mozilla/5.0 AppleWebKit/536.30.1 (KHTML, like Gecko) Version/6.0.5 Safari/536.30.1 Installatron (Mimicking WebKit)"
116.251.217.48 - - [21/May/2017:08:36:28 +0100] "GET /wp-content/uploads/2015/10/economist-two-272x300.png HTTP/1.0" 404 20338 "http://www.meganknight.uk/" "Mozilla/5.0 AppleWebKit/536.30.1 (KHTML, like Gecko) Version/6.0.5 Safari/536.30.1 Installatron (Mimicking WebKit)"
116.251.217.48 - - [21/May/2017:08:36:30 +0100] "GET /wp-content/uploads/2015/10/economist-six-300x246.png HTTP/1.0" 404 20338 "http://www.meganknight.uk/" "Mozilla/5.0 AppleWebKit/536.30.1 (KHTML, like Gecko) Version/6.0.5 Safari/536.30.1 Installatron (Mimicking WebKit)"
116.251.217.48 - - [21/May/2017:08:36:31 +0100] "GET /wp-content/uploads/2015/10/guardian-two-300x112.png HTTP/1.0" 404 20338 "http://www.meganknight.uk/" "Mozilla/5.0 AppleWebKit/536.30.1 (KHTML, like Gecko) Version/6.0.5 Safari/536.30.1 Installatron (Mimicking WebKit)"
