116.251.217.48 - - [21/May/2017:08:36:31 +0100] "GET /wp-content/uploads/2015/10/nyt-five-300x260.png HTTP/1.0" 404 20338 "http://www.meganknight.uk/" "Mozilla/5.0 AppleWebKit/536.30.1 (KHTML, like Gecko) Version/6.0.5 Safari/536.30.1 Installatron (Mimicking WebKit)"
116.251.217.48 - - [21/May/2017:08:36:31 +0100] "GET /wp-content/uploads/2015/10/telegraph-two-300x195.png HTTP/1.0" 404 20338 "http://www.meganknight.uk/" "Mozilla/5.0 AppleWebKit/536.30.1 (KHTML, like Gecko) Version/6.0.5 Safari/536.30.1 Installatron (Mimicking WebKit)"
116.251.217.48 - - [21/May/2017:08:36:31 +0100] "GET /wp-content/uploads/2015/10/telegraph-four-88x300.png HTTP/1.0" 404 20338 "http://www.meganknight.uk/" "Mozilla/5.0 AppleWebKit/536.30.1 (KHTML, like Gecko) Version/6.0.5 Safari/536.30.1 Installatron (Mimicking WebKit)"
116.251.217.48 - - [21/May/2017:08:36:31 +0100] "GET /wp-content/uploads/2015/10/telegraph-three-300x200.jpg HTTP/1.0" 404 20338 "http://www.meganknight.uk/" "Mozilla/5.0 AppleWebKit/536.30.1 (KHTML, like Gecko) Version/6.0.5 Safari/536.30.1 Installatron (Mimicking WebKit)"
88.208.252.24 - - [21/May/2017:08:36:39 +0100] "POST /wp-itapi.php HTTP/1.0" 200 5253 "-" "Mozilla/5.0 (Windows NT 6.1; WOW64; rv:17.0) Gecko/20100101 Firefox/17.0"
46.229.164.101 - - [21/May/2017:08:44:05 +0100] "GET /robots.txt HTTP/1.0" 200 67 "-" "Mozilla/5.0 (compatible; SemrushBot/1.2~bl; +http://www.semrush.com/bot.html)"
81.2.78.190 - - [21/May/2017:10:44:42 +0100] "GET /research/ HTTP/1.0" 200 3715 "-" "Mozilla/5.0 (X11; Linux x86_64) AppleWebKit/537.36 (KHTML, like Gecko) Chrome/49.0.2623.75 Safari/537.36 Google Favicon"
81.2.78.190 - - [21/May/2017:10:44:43 +0100] "GET /favicon.ico HTTP/1.0" 200 - "-" "Mozilla/5.0 (X11; Linux x86_64) AppleWebKit/537.36 (KHTML, like Gecko) Chrome/49.0.2623.75 Safari/537.36 Google Favicon"
10.10.110.18 - - [21/May/2017:10:44:45 +0100] "POST /wp-cron.php?doing_wp_cron=1495359885.3512248992919921875000 HTTP/1.0" 200 - "http://www.meganknight.uk/wp-cron.php?doing_wp_cron=1495359885.3512248992919921875000" "WordPress/4.7.3; http://www.meganknight.uk"
81.2.78.190 - - [21/May/2017:10:44:42 +0100] "GET / HTTP/1.0" 200 138726 "-" "Mozilla/5.0 (X11; Linux x86_64) AppleWebKit/537.36 (KHTML, like Gecko) Chrome/49.0.2623.75 Safari/537.36 Google Favicon"
88.243.217.135 - - [21/May/2017:15:53:09 +0100] "GET /wp-login.php HTTP/1.0" 200 4687 "-" "Mozilla/5.0 (Linux; U; Android 2.2) AppleWebKit/533.1 (KHTML, like Gecko) Version/4.0 Mobile Safari/533.1"
88.243.217.135 - - [21/May/2017:15:53:22 +0100] "POST /wp-login.php HTTP/1.0" 200 5587 "http://www.meganknight.uk/wp-login.php" "Mozilla/5.0 (Linux; U; Android 2.2) AppleWebKit/533.1 (KHTML, like Gecko) Version/4.0 Mobile Safari/533.1"
88.243.217.135 - - [21/May/2017:15:53:24 +0100] "POST /wp-login.php HTTP/1.0" 200 5587 "http://www.meganknight.uk/wp-login.php" "Mozilla/5.0 (Linux; U; Android 2.2) AppleWebKit/533.1 (KHTML, like Gecko) Version/4.0 Mobile Safari/533.1"
88.243.217.135 - - [21/May/2017:15:53:27 +0100] "POST /wp-login.php HTTP/1.0" 200 5586 "http://www.meganknight.uk/wp-login.php" "Mozilla/5.0 (Linux; U; Android 2.2) AppleWebKit/533.1 (KHTML, like Gecko) Version/4.0 Mobile Safari/533.1"
88.243.217.135 - - [21/May/2017:15:53:29 +0100] "POST /wp-login.php HTTP/1.0" 200 5636 "http://www.meganknight.uk/wp-login.php" "Mozilla/5.0 (Linux; U; Android 2.2) AppleWebKit/533.1 (KHTML, like Gecko) Version/4.0 Mobile Safari/533.1"
10.10.110.18 - - [21/May/2017:15:53:20 +0100] "POST /wp-cron.php?doing_wp_cron=1495378400.6931641101837158203125 HTTP/1.0" 200 - "http://www.meganknight.uk/wp-cron.php?doing_wp_cron=1495378400.6931641101837158203125" "WordPress/4.7.3; http://www.meganknight.uk"
88.243.217.135 - - [21/May/2017:15:53:31 +0100] "POST /wp-login.php HTTP/1.0" 200 5560 "http://www.meganknight.uk/wp-login.php" "Mozilla/5.0 (Linux; U; Android 2.2) AppleWebKit/533.1 (KHTML, like Gecko) Version/4.0 Mobile Safari/533.1"
66.249.76.129 - - [21/May/2017:18:05:41 +0100] "GET /researc/social-media-research-methods/feed/ HTTP/1.0" 200 854 "-" "Mozilla/5.0 (compatible; Googlebot/2.1; +http://www.google.com/bot.html)"
10.10.110.18 - - [21/May/2017:18:05:43 +0100] "POST /wp-cron.php?doing_wp_cron=1495386343.0067100524902343750000 HTTP/1.0" 200 - "http://www.meganknight.uk/wp-cron.php?doing_wp_cron=1495386343.0067100524902343750000" "WordPress/4.7.3; http://www.meganknight.uk"
81.2.78.190 - - [21/May/2017:18:18:34 +0100] "GET /favicon.ico HTTP/1.0" 200 - "-" "Mozilla/5.0 (X11; Linux x86_64) AppleWebKit/537.36 (KHTML, like Gecko) Chrome/49.0.2623.75 Safari/537.36 Google Favicon"
10.10.110.18 - - [21/May/2017:19:00:35 +0100] "POST /wp-cron.php?doing_wp_cron=1495389635.2882409095764160156250 HTTP/1.0" 200 - "http://www.meganknight.uk/wp-cron.php?doing_wp_cron=1495389635.2882409095764160156250" "WordPress/4.7.3; http://www.meganknight.uk"
104.144.230.46 - - [21/May/2017:19:00:33 +0100] "GET /category/researc/ HTTP/1.0" 200 123949 "http://www.meganknight.uk/" "Mozilla/5.0 (Macintosh; Intel Mac OS X 10_10_1) AppleWebKit/600.2.5 (KHTML, like Gecko) Version/8.0.2 Safari/600.2.5"
178.165.88.182 - - [21/May/2017:20:34:19 +0100] "POST /wp-login.php HTTP/1.0" 200 4897 "http://meganknight.uk/wp-login.php" "Mozilla/5.0 (Windows NT 10.0; WOW64) AppleWebKit/537.36 (KHTML, like Gecko) Chrome/53.0.2785.143 Safari/537.36"
10.10.110.18 - - [21/May/2017:20:34:21 +0100] "POST /wp-cron.php?doing_wp_cron=1495395261.8970839977264404296875 HTTP/1.0" 200 - "http://www.meganknight.uk/wp-cron.php?doing_wp_cron=1495395261.8970839977264404296875" "WordPress/4.7.3; http://www.meganknight.uk"
178.165.88.182 - - [21/May/2017:20:34:35 +0100] "GET /wp-admin/ HTTP/1.0" 302 - "http://meganknight.uk/wp-admin/" "Mozilla/5.0 (Windows NT 10.0; WOW64) AppleWebKit/537.36 (KHTML, like Gecko) Chrome/53.0.2785.143 Safari/537.36"
10.10.110.18 - - [21/May/2017:21:54:44 +0100] "POST /wp-cron.php?doing_wp_cron=1495400084.7168340682983398437500 HTTP/1.0" 200 - "http://www.meganknight.uk/wp-cron.php?doing_wp_cron=1495400084.7168340682983398437500" "WordPress/4.7.3; http://www.meganknight.uk"
198.52.136.242 - - [21/May/2017:21:54:43 +0100] "GET /category/researc/ HTTP/1.0" 200 123949 "http://www.meganknight.uk/" "Mozilla/5.0 (Macintosh; Intel Mac OS X 10_10_1) AppleWebKit/600.2.5 (KHTML, like Gecko) Version/8.0.2 Safari/600.2.5"
198.52.136.242 - - [21/May/2017:21:54:49 +0100] "GET /uncategorized/a-crisis-in-numbers-data-visualisations-in-the-coverage-of-the-2015-european-refugee-crisis/ HTTP/1.0" 200 46928 "http://www.meganknight.uk/category/researc/" "Mozilla/5.0 (Macintosh; Intel Mac OS X 10_10_1) AppleWebKit/600.2.5 (KHTML, like Gecko) Version/8.0.2 Safari/600.2.5"
178.165.88.182 - - [21/May/2017:23:13:36 +0100] "POST /wp-login.php HTTP/1.0" 200 4924 "http://meganknight.uk/wp-login.php" "Mozilla/5.0 (Windows NT 10.0; WOW64) AppleWebKit/537.36 (KHTML, like Gecko) Chrome/53.0.2785.143 Safari/537.36"
10.10.110.18 - - [21/May/2017:23:13:38 +0100] "POST /wp-cron.php?doing_wp_cron=1495404818.8276391029357910156250 HTTP/1.0" 200 - "http://www.meganknight.uk/wp-cron.php?doing_wp_cron=1495404818.8276391029357910156250" "WordPress/4.7.3; http://www.meganknight.uk"
178.165.88.182 - - [21/May/2017:23:13:41 +0100] "POST /wp-login.php HTTP/1.0" 200 4924 "http://meganknight.uk/wp-login.php" "Mozilla/5.0 (Windows NT 10.0; WOW64) AppleWebKit/537.36 (KHTML, like Gecko) Chrome/53.0.2785.143 Safari/537.36"
66.249.66.202 - - [21/May/2017:23:42:12 +0100] "GET /researc/social-media-research-repo-readme/feed/ HTTP/1.0" 200 866 "-" "Mozilla/5.0 (compatible; Googlebot/2.1; +http://www.google.com/bot.html)"
213.171.217.172 - - [22/May/2017:00:26:24 +0100] "GET / HTTP/1.0" 200 138726 "-" "Mozilla/5.0 (Windows NT 6.1; WOW64) AppleWebKit/537.36 (KHTML, like Gecko) Chrome/41.0.2272.101 Safari/537.36"
10.10.110.18 - - [22/May/2017:00:26:26 +0100] "POST /wp-cron.php?doing_wp_cron=1495409186.3109641075134277343750 HTTP/1.0" 200 - "http://www.meganknight.uk/wp-cron.php?doing_wp_cron=1495409186.3109641075134277343750" "WordPress/4.7.3; http://www.meganknight.uk"
178.165.88.182 - - [22/May/2017:02:08:01 +0100] "POST /wp-login.php HTTP/1.0" 200 4923 "http://meganknight.uk/wp-login.php" "Mozilla/5.0 (Windows NT 10.0; WOW64) AppleWebKit/537.36 (KHTML, like Gecko) Chrome/53.0.2785.143 Safari/537.36"
10.10.110.18 - - [22/May/2017:02:08:04 +0100] "POST /wp-cron.php?doing_wp_cron=1495415284.2251079082489013671875 HTTP/1.0" 200 - "http://www.meganknight.uk/wp-cron.php?doing_wp_cron=1495415284.2251079082489013671875" "WordPress/4.7.3; http://www.meganknight.uk"
178.165.88.182 - - [22/May/2017:02:08:13 +0100] "POST /wp-login.php HTTP/1.0" 200 4973 "http://meganknight.uk/wp-login.php" "Mozilla/5.0 (Windows NT 10.0; WOW64) AppleWebKit/537.36 (KHTML, like Gecko) Chrome/53.0.2785.143 Safari/537.36"
10.10.110.18 - - [22/May/2017:04:12:24 +0100] "POST /wp-cron.php?doing_wp_cron=1495422744.8725979328155517578125 HTTP/1.0" 200 - "http://www.meganknight.uk/wp-cron.php?doing_wp_cron=1495422744.8725979328155517578125" "WordPress/4.7.3; http://www.meganknight.uk"
104.247.99.241 - - [22/May/2017:04:12:23 +0100] "GET /category/journalism/ HTTP/1.0" 200 124950 "http://www.meganknight.uk/" "Mozilla/5.0 (Macintosh; Intel Mac OS X 10_10_1) AppleWebKit/600.2.5 (KHTML, like Gecko) Version/8.0.2 Safari/600.2.5"
104.247.99.241 - - [22/May/2017:04:12:28 +0100] "GET /uncategorized/a-crisis-in-numbers-data-visualisations-in-the-coverage-of-the-2015-european-refugee-crisis/ HTTP/1.0" 200 46927 "http://www.meganknight.uk/" "Mozilla/5.0 (Macintosh; Intel Mac OS X 10_10_1) AppleWebKit/600.2.5 (KHTML, like Gecko) Version/8.0.2 Safari/600.2.5"
104.247.99.241 - - [22/May/2017:04:12:29 +0100] "POST /wp-comments-post.php HTTP/1.0" 302 - "http://www.meganknight.uk/uncategorized/a-crisis-in-numbers-data-visualisations-in-the-coverage-of-the-2015-european-refugee-crisis/" "Mozilla/5.0 (Macintosh; Intel Mac OS X 10_10_1) AppleWebKit/600.2.5 (KHTML, like Gecko) Version/8.0.2 Safari/600.2.5"
104.247.99.241 - - [22/May/2017:04:12:31 +0100] "GET /uncategorized/a-crisis-in-numbers-data-visualisations-in-the-coverage-of-the-2015-european-refugee-crisis/ HTTP/1.0" 200 47011 "http://www.meganknight.uk/wp-comments-post.php" "Mozilla/5.0 (Macintosh; Intel Mac OS X 10_10_1) AppleWebKit/600.2.5 (KHTML, like Gecko) Version/8.0.2 Safari/600.2.5"
104.247.99.241 - - [22/May/2017:04:12:35 +0100] "GET /category/researc/ HTTP/1.0" 200 123949 "http://www.meganknight.uk/" "Mozilla/5.0 (Macintosh; Intel Mac OS X 10_10_1) AppleWebKit/600.2.5 (KHTML, like Gecko) Version/8.0.2 Safari/600.2.5"
104.247.99.241 - - [22/May/2017:04:12:37 +0100] "GET /uncategorized/a-crisis-in-numbers-data-visualisations-in-the-coverage-of-the-2015-european-refugee-crisis/ HTTP/1.0" 200 46928 "http://www.meganknight.uk/" "Mozilla/5.0 (Macintosh; Intel Mac OS X 10_10_1) AppleWebKit/600.2.5 (KHTML, like Gecko) Version/8.0.2 Safari/600.2.5"
104.247.99.241 - - [22/May/2017:04:12:38 +0100] "POST /wp-comments-post.php HTTP/1.0" 429 3510 "http://www.meganknight.uk/uncategorized/a-crisis-in-numbers-data-visualisations-in-the-coverage-of-the-2015-european-refugee-crisis/" "Mozilla/5.0 (Macintosh; Intel Mac OS X 10_10_1) AppleWebKit/600.2.5 (KHTML, like Gecko) Version/8.0.2 Safari/600.2.5"
104.247.99.241 - - [22/May/2017:04:12:40 +0100] "POST /wp-comments-post.php HTTP/1.0" 429 3510 "http://www.meganknight.uk/uncategorized/a-crisis-in-numbers-data-visualisations-in-the-coverage-of-the-2015-european-refugee-crisis/" "Mozilla/5.0 (Macintosh; Intel Mac OS X 10_10_1) AppleWebKit/600.2.5 (KHTML, like Gecko) Version/8.0.2 Safari/600.2.5"
104.247.99.241 - - [22/May/2017:04:12:41 +0100] "POST /wp-comments-post.php HTTP/1.0" 429 3510 "http://www.meganknight.uk/uncategorized/a-crisis-in-numbers-data-visualisations-in-the-coverage-of-the-2015-european-refugee-crisis/" "Mozilla/5.0 (Macintosh; Intel Mac OS X 10_10_1) AppleWebKit/600.2.5 (KHTML, like Gecko) Version/8.0.2 Safari/600.2.5"
104.247.99.241 - - [22/May/2017:04:12:44 +0100] "POST /wp-comments-post.php HTTP/1.0" 302 - "http://www.meganknight.uk/uncategorized/a-crisis-in-numbers-data-visualisations-in-the-coverage-of-the-2015-european-refugee-crisis/" "Mozilla/5.0 (Macintosh; Intel Mac OS X 10_10_1) AppleWebKit/600.2.5 (KHTML, like Gecko) Version/8.0.2 Safari/600.2.5"
104.247.99.241 - - [22/May/2017:04:12:46 +0100] "GET /uncategorized/a-crisis-in-numbers-data-visualisations-in-the-coverage-of-the-2015-european-refugee-crisis/ HTTP/1.0" 200 47020 "http://www.meganknight.uk/wp-comments-post.php" "Mozilla/5.0 (Macintosh; Intel Mac OS X 10_10_1) AppleWebKit/600.2.5 (KHTML, like Gecko) Version/8.0.2 Safari/600.2.5"
62.210.80.16 - - [22/May/2017:04:18:23 +0100] "GET /uncategorized/a-crisis-in-numbers-data-visualisations-in-the-coverage-of-the-2015-european-refugee-crisis/ HTTP/1.0" 200 46928 "-" "Mozilla/5.0 (Macintosh; Intel Mac OS X 10_10_1) AppleWebKit/600.2.5 (KHTML, like Gecko) Version/8.0.2 Safari/600.2.5"
62.210.80.16 - - [22/May/2017:04:18:23 +0100] "GET /uncategorized/a-crisis-in-numbers-data-visualisations-in-the-coverage-of-the-2015-european-refugee-crisis/ HTTP/1.0" 200 46927 "-" "Mozilla/5.0 (Macintosh; Intel Mac OS X 10_10_1) AppleWebKit/600.2.5 (KHTML, like Gecko) Version/8.0.2 Safari/600.2.5"
112.111.184.95 - - [22/May/2017:08:22:38 +0100] "GET /category/journalism/ HTTP/1.0" 200 124950 "http://www.meganknight.uk/" "Mozilla/5.0 (Macintosh; Intel Mac OS X 10_8_4) AppleWebKit/537.36 (KHTML, like Gecko) Chrome/39.0.2171.95 Safari/537.36"
10.10.110.18 - - [22/May/2017:08:22:40 +0100] "POST /wp-cron.php?doing_wp_cron=1495437760.7074251174926757812500 HTTP/1.0" 200 - "http://www.meganknight.uk/wp-cron.php?doing_wp_cron=1495437760.7074251174926757812500" "WordPress/4.7.3; http://www.meganknight.uk"
112.111.184.95 - - [22/May/2017:08:22:43 +0100] "GET /wp-login.php?action=register HTTP/1.0" 302 - "http://www.meganknight.uk/" "Opera/9.80 (Windows NT 6.2; Win64; x64) Presto/2.12.388 Version/12.17"
112.111.184.95 - - [22/May/2017:08:22:44 +0100] "GET /wp-login.php?registration=disabled HTTP/1.0" 200 4829 "http://www.meganknight.uk/wp-login.php?action=register" "Opera/9.80 (Windows NT 6.2; Win64; x64) Presto/2.12.388 Version/12.17"
88.208.252.24 - - [22/May/2017:08:29:02 +0100] "GET / HTTP/1.0" 200 138726 "-" "Installatron Server/4.1.30"
138.201.125.171 - - [22/May/2017:08:29:07 +0100] "GET /wp-content/plugins/flickr-badges-widget/css/widget.css?ver=0.7 HTTP/1.0" 200 330 "http://www.meganknight.uk/" "Mozilla/5.0 AppleWebKit/536.30.1 (KHTML, like Gecko) Version/6.0.5 Safari/536.30.1 Installatron (Mimicking WebKit)"
138.201.125.171 - - [22/May/2017:08:29:07 +0100] "GET /wp-content/themes/twentyfifteen/style.css?ver=4.7.3 HTTP/1.0" 200 97685 "http://www.meganknight.uk/" "Mozilla/5.0 AppleWebKit/536.30.1 (KHTML, like Gecko) Version/6.0.5 Safari/536.30.1 Installatron (Mimicking WebKit)"
138.201.125.171 - - [22/May/2017:08:29:07 +0100] "GET /wp-includes/js/jquery/jquery.js?ver=1.12.4 HTTP/1.0" 200 97184 "http://www.meganknight.uk/" "Mozilla/5.0 AppleWebKit/536.30.1 (KHTML, like Gecko) Version/6.0.5 Safari/536.30.1 Installatron (Mimicking WebKit)"
138.201.125.171 - - [22/May/2017:08:29:07 +0100] "GET /wp-includes/js/wp-emoji-release.min.js?ver=4.7.3 HTTP/1.0" 200 11414 "http://www.meganknight.uk/" "Mozilla/5.0 AppleWebKit/536.30.1 (KHTML, like Gecko) Version/6.0.5 Safari/536.30.1 Installatron (Mimicking WebKit)"
138.201.125.171 - - [22/May/2017:08:29:07 +0100] "GET /wp-includes/js/jquery/jquery-migrate.min.js?ver=1.4.1 HTTP/1.0" 200 10056 "http://www.meganknight.uk/" "Mozilla/5.0 AppleWebKit/536.30.1 (KHTML, like Gecko) Version/6.0.5 Safari/536.30.1 Installatron (Mimicking WebKit)"
138.201.125.171 - - [22/May/2017:08:29:06 +0100] "GET / HTTP/1.0" 200 138726 "-" "Mozilla/5.0 AppleWebKit/536.30.1 (KHTML, like Gecko) Version/6.0.5 Safari/536.30.1 Installatron (Mimicking WebKit)"
138.201.125.171 - - [22/May/2017:08:29:07 +0100] "GET /wp-content/themes/twentyfifteen/genericons/genericons.css?ver=3.2 HTTP/1.0" 200 27519 "http://www.meganknight.uk/" "Mozilla/5.0 AppleWebKit/536.30.1 (KHTML, like Gecko) Version/6.0.5 Safari/536.30.1 Installatron (Mimicking WebKit)"
138.201.125.171 - - [22/May/2017:08:29:07 +0100] "GET /wp-includes/js/wp-embed.min.js?ver=4.7.3 HTTP/1.0" 200 1398 "http://www.meganknight.uk/" "Mozilla/5.0 AppleWebKit/536.30.1 (KHTML, like Gecko) Version/6.0.5 Safari/536.30.1 Installatron (Mimicking WebKit)"
138.201.125.171 - - [22/May/2017:08:29:07 +0100] "GET /wp-content/themes/twentyfifteen/js/skip-link-focus-fix.js?ver=20141010 HTTP/1.0" 200 727 "http://www.meganknight.uk/" "Mozilla/5.0 AppleWebKit/536.30.1 (KHTML, like Gecko) Version/6.0.5 Safari/536.30.1 Installatron (Mimicking WebKit)"
138.201.125.171 - - [22/May/2017:08:29:07 +0100] "GET /wp-content/themes/twentyfifteen/js/functions.js?ver=20150330 HTTP/1.0" 200 5920 "http://www.meganknight.uk/" "Mozilla/5.0 AppleWebKit/536.30.1 (KHTML, like Gecko) Version/6.0.5 Safari/536.30.1 Installatron (Mimicking WebKit)"
138.201.125.171 - - [22/May/2017:08:29:07 +0100] "GET /wp-content/uploads/2016/04/newspapers-2.png HTTP/1.0" 200 29 "http://www.meganknight.uk/" "Mozilla/5.0 AppleWebKit/536.30.1 (KHTML, like Gecko) Version/6.0.5 Safari/536.30.1 Installatron (Mimicking WebKit)"
138.201.125.171 - - [22/May/2017:08:29:07 +0100] "GET /wp-content/uploads/2017/03/IMG_4299.jpg HTTP/1.0" 200 3555577 "http://www.meganknight.uk/" "Mozilla/5.0 AppleWebKit/536.30.1 (KHTML, like Gecko) Version/6.0.5 Safari/536.30.1 Installatron (Mimicking WebKit)"
138.201.125.171 - - [22/May/2017:08:29:07 +0100] "GET /wp-content/uploads/2015/10/067-300x225.jpg HTTP/1.0" 404 20338 "http://www.meganknight.uk/" "Mozilla/5.0 AppleWebKit/536.30.1 (KHTML, like Gecko) Version/6.0.5 Safari/536.30.1 Installatron (Mimicking WebKit)"
138.201.125.171 - - [22/May/2017:08:29:08 +0100] "GET /wp-content/uploads/2015/10/nyt-two-300x300.png HTTP/1.0" 404 20338 "http://www.meganknight.uk/" "Mozilla/5.0 AppleWebKit/536.30.1 (KHTML, like Gecko) Version/6.0.5 Safari/536.30.1 Installatron (Mimicking WebKit)"
138.201.125.171 - - [22/May/2017:08:29:09 +0100] "GET /wp-content/uploads/2015/10/guardian-one-300x170.png HTTP/1.0" 404 20338 "http://www.meganknight.uk/" "Mozilla/5.0 AppleWebKit/536.30.1 (KHTML, like Gecko) Version/6.0.5 Safari/536.30.1 Installatron (Mimicking WebKit)"
138.201.125.171 - - [22/May/2017:08:29:07 +0100] "GET /wp-content/uploads/2015/10/telegraph-one-236x300.png HTTP/1.0" 404 20338 "http://www.meganknight.uk/" "Mozilla/5.0 AppleWebKit/536.30.1 (KHTML, like Gecko) Version/6.0.5 Safari/536.30.1 Installatron (Mimicking WebKit)"
138.201.125.171 - - [22/May/2017:08:29:07 +0100] "GET /wp-content/uploads/2015/10/0641-300x247.jpg HTTP/1.0" 404 20338 "http://www.meganknight.uk/" "Mozilla/5.0 AppleWebKit/536.30.1 (KHTML, like Gecko) Version/6.0.5 Safari/536.30.1 Installatron (Mimicking WebKit)"
138.201.125.171 - - [22/May/2017:08:29:07 +0100] "GET /wp-content/uploads/2015/10/nyt-one-300x229.png HTTP/1.0" 404 20338 "http://www.meganknight.uk/" "Mozilla/5.0 AppleWebKit/536.30.1 (KHTML, like Gecko) Version/6.0.5 Safari/536.30.1 Installatron (Mimicking WebKit)"
138.201.125.171 - - [22/May/2017:08:29:07 +0100] "GET /wp-content/uploads/2015/10/economist-one-300x194.png HTTP/1.0" 404 20338 "http://www.meganknight.uk/" "Mozilla/5.0 AppleWebKit/536.30.1 (KHTML, like Gecko) Version/6.0.5 Safari/536.30.1 Installatron (Mimicking WebKit)"
138.201.125.171 - - [22/May/2017:08:29:10 +0100] "GET /wp-content/uploads/2015/10/nyt-three-300x179.png HTTP/1.0" 404 20338 "http://www.meganknight.uk/" "Mozilla/5.0 AppleWebKit/536.30.1 (KHTML, like Gecko) Version/6.0.5 Safari/536.30.1 Installatron (Mimicking WebKit)"
138.201.125.171 - - [22/May/2017:08:29:07 +0100] "GET /wp-content/uploads/2015/10/printing-300x252.jpg HTTP/1.0" 404 20338 "http://www.meganknight.uk/" "Mozilla/5.0 AppleWebKit/536.30.1 (KHTML, like Gecko) Version/6.0.5 Safari/536.30.1 Installatron (Mimicking WebKit)"
138.201.125.171 - - [22/May/2017:08:29:10 +0100] "GET /wp-content/uploads/2015/10/nyt-four-300x224.png HTTP/1.0" 404 20338 "http://www.meganknight.uk/" "Mozilla/5.0 AppleWebKit/536.30.1 (KHTML, like Gecko) Version/6.0.5 Safari/536.30.1 Installatron (Mimicking WebKit)"
138.201.125.171 - - [22/May/2017:08:29:10 +0100] "GET /wp-content/uploads/2015/10/economist-two-272x300.png HTTP/1.0" 404 20338 "http://www.meganknight.uk/" "Mozilla/5.0 AppleWebKit/536.30.1 (KHTML, like Gecko) Version/6.0.5 Safari/536.30.1 Installatron (Mimicking WebKit)"
138.201.125.171 - - [22/May/2017:08:29:10 +0100] "GET /wp-content/uploads/2015/10/economist-six-300x246.png HTTP/1.0" 404 20338 "http://www.meganknight.uk/" "Mozilla/5.0 AppleWebKit/536.30.1 (KHTML, like Gecko) Version/6.0.5 Safari/536.30.1 Installatron (Mimicking WebKit)"
138.201.125.171 - - [22/May/2017:08:29:10 +0100] "GET /wp-content/uploads/2015/10/nyt-five-300x260.png HTTP/1.0" 404 20338 "http://www.meganknight.uk/" "Mozilla/5.0 AppleWebKit/536.30.1 (KHTML, like Gecko) Version/6.0.5 Safari/536.30.1 Installatron (Mimicking WebKit)"
138.201.125.171 - - [22/May/2017:08:29:11 +0100] "GET /wp-content/uploads/2015/10/guardian-two-300x112.png HTTP/1.0" 404 20338 "http://www.meganknight.uk/" "Mozilla/5.0 AppleWebKit/536.30.1 (KHTML, like Gecko) Version/6.0.5 Safari/536.30.1 Installatron (Mimicking WebKit)"
138.201.125.171 - - [22/May/2017:08:29:11 +0100] "GET /wp-content/uploads/2015/10/telegraph-two-300x195.png HTTP/1.0" 404 20338 "http://www.meganknight.uk/" "Mozilla/5.0 AppleWebKit/536.30.1 (KHTML, like Gecko) Version/6.0.5 Safari/536.30.1 Installatron (Mimicking WebKit)"
138.201.125.171 - - [22/May/2017:08:29:12 +0100] "GET /wp-content/themes/twentyfifteen/genericons/Genericons.svg HTTP/1.0" 200 78913 "http://www.meganknight.uk/" "Mozilla/5.0 AppleWebKit/536.30.1 (KHTML, like Gecko) Version/6.0.5 Safari/536.30.1 Installatron (Mimicking WebKit)"
138.201.125.171 - - [22/May/2017:08:29:12 +0100] "GET /wp-content/themes/twentyfifteen/genericons/Genericons.ttf HTTP/1.0" 200 22576 "http://www.meganknight.uk/" "Mozilla/5.0 AppleWebKit/536.30.1 (KHTML, like Gecko) Version/6.0.5 Safari/536.30.1 Installatron (Mimicking WebKit)"
138.201.125.171 - - [22/May/2017:08:29:12 +0100] "GET /wp-content/uploads/2016/04/newspapers-2.png HTTP/1.0" 200 29 "http://www.meganknight.uk/" "Mozilla/5.0 AppleWebKit/536.30.1 (KHTML, like Gecko) Version/6.0.5 Safari/536.30.1 Installatron (Mimicking WebKit)"
138.201.125.171 - - [22/May/2017:08:29:11 +0100] "GET /wp-content/uploads/2015/10/telegraph-three-300x200.jpg HTTP/1.0" 404 20338 "http://www.meganknight.uk/" "Mozilla/5.0 AppleWebKit/536.30.1 (KHTML, like Gecko) Version/6.0.5 Safari/536.30.1 Installatron (Mimicking WebKit)"
138.201.125.171 - - [22/May/2017:08:29:11 +0100] "GET /wp-content/uploads/2015/10/telegraph-four-88x300.png HTTP/1.0" 404 20338 "http://www.meganknight.uk/" "Mozilla/5.0 AppleWebKit/536.30.1 (KHTML, like Gecko) Version/6.0.5 Safari/536.30.1 Installatron (Mimicking WebKit)"
138.201.125.171 - - [22/May/2017:08:29:11 +0100] "GET /wp-content/uploads/2015/10/nyt-six-300x138.png HTTP/1.0" 404 20338 "http://www.meganknight.uk/" "Mozilla/5.0 AppleWebKit/536.30.1 (KHTML, like Gecko) Version/6.0.5 Safari/536.30.1 Installatron (Mimicking WebKit)"
138.201.125.171 - - [22/May/2017:08:29:11 +0100] "GET /wp-content/uploads/2015/10/nyt-seven-300x204.png HTTP/1.0" 404 20338 "http://www.meganknight.uk/" "Mozilla/5.0 AppleWebKit/536.30.1 (KHTML, like Gecko) Version/6.0.5 Safari/536.30.1 Installatron (Mimicking WebKit)"
138.201.125.171 - - [22/May/2017:08:29:12 +0100] "GET /wp-content/uploads/2015/10/nyt-eight-300x184.png HTTP/1.0" 404 20338 "http://www.meganknight.uk/" "Mozilla/5.0 AppleWebKit/536.30.1 (KHTML, like Gecko) Version/6.0.5 Safari/536.30.1 Installatron (Mimicking WebKit)"
138.201.125.171 - - [22/May/2017:08:29:12 +0100] "GET /wp-content/uploads/2015/10/nyt-two-300x300.png HTTP/1.0" 404 20338 "http://www.meganknight.uk/" "Mozilla/5.0 AppleWebKit/536.30.1 (KHTML, like Gecko) Version/6.0.5 Safari/536.30.1 Installatron (Mimicking WebKit)"
138.201.125.171 - - [22/May/2017:08:29:12 +0100] "GET /wp-content/uploads/2015/10/067-300x225.jpg HTTP/1.0" 404 20338 "http://www.meganknight.uk/" "Mozilla/5.0 AppleWebKit/536.30.1 (KHTML, like Gecko) Version/6.0.5 Safari/536.30.1 Installatron (Mimicking WebKit)"
50.63.85.70 - - [22/May/2017:08:29:16 +0100] "GET / HTTP/1.0" 200 138726 "-" "Mozilla/5.0 AppleWebKit/536.30.1 (KHTML, like Gecko) Version/6.0.5 Safari/536.30.1 Installatron (Mimicking WebKit)"
50.63.85.70 - - [22/May/2017:08:29:18 +0100] "GET /wp-content/plugins/flickr-badges-widget/css/widget.css?ver=0.7 HTTP/1.0" 200 330 "http://www.meganknight.uk/" "Mozilla/5.0 AppleWebKit/536.30.1 (KHTML, like Gecko) Version/6.0.5 Safari/536.30.1 Installatron (Mimicking WebKit)"
50.63.85.70 - - [22/May/2017:08:29:18 +0100] "GET /wp-content/themes/twentyfifteen/style.css?ver=4.7.3 HTTP/1.0" 200 97685 "http://www.meganknight.uk/" "Mozilla/5.0 AppleWebKit/536.30.1 (KHTML, like Gecko) Version/6.0.5 Safari/536.30.1 Installatron (Mimicking WebKit)"
50.63.85.70 - - [22/May/2017:08:29:18 +0100] "GET /wp-includes/js/wp-emoji-release.min.js?ver=4.7.3 HTTP/1.0" 200 11414 "http://www.meganknight.uk/" "Mozilla/5.0 AppleWebKit/536.30.1 (KHTML, like Gecko) Version/6.0.5 Safari/536.30.1 Installatron (Mimicking WebKit)"
50.63.85.70 - - [22/May/2017:08:29:18 +0100] "GET /wp-content/themes/twentyfifteen/genericons/genericons.css?ver=3.2 HTTP/1.0" 200 27519 "http://www.meganknight.uk/" "Mozilla/5.0 AppleWebKit/536.30.1 (KHTML, like Gecko) Version/6.0.5 Safari/536.30.1 Installatron (Mimicking WebKit)"
50.63.85.70 - - [22/May/2017:08:29:18 +0100] "GET /wp-includes/js/jquery/jquery.js?ver=1.12.4 HTTP/1.0" 200 97184 "http://www.meganknight.uk/" "Mozilla/5.0 AppleWebKit/536.30.1 (KHTML, like Gecko) Version/6.0.5 Safari/536.30.1 Installatron (Mimicking WebKit)"
50.63.85.70 - - [22/May/2017:08:29:18 +0100] "GET /wp-includes/js/jquery/jquery-migrate.min.js?ver=1.4.1 HTTP/1.0" 200 10056 "http://www.meganknight.uk/" "Mozilla/5.0 AppleWebKit/536.30.1 (KHTML, like Gecko) Version/6.0.5 Safari/536.30.1 Installatron (Mimicking WebKit)"
50.63.85.70 - - [22/May/2017:08:29:19 +0100] "GET /wp-content/uploads/2016/04/newspapers-2.png HTTP/1.0" 200 29 "http://www.meganknight.uk/" "Mozilla/5.0 AppleWebKit/536.30.1 (KHTML, like Gecko) Version/6.0.5 Safari/536.30.1 Installatron (Mimicking WebKit)"
50.63.85.70 - - [22/May/2017:08:29:19 +0100] "GET /wp-content/themes/twentyfifteen/js/skip-link-focus-fix.js?ver=20141010 HTTP/1.0" 200 727 "http://www.meganknight.uk/" "Mozilla/5.0 AppleWebKit/536.30.1 (KHTML, like Gecko) Version/6.0.5 Safari/536.30.1 Installatron (Mimicking WebKit)"
50.63.85.70 - - [22/May/2017:08:29:19 +0100] "GET /wp-includes/js/wp-embed.min.js?ver=4.7.3 HTTP/1.0" 200 1398 "http://www.meganknight.uk/" "Mozilla/5.0 AppleWebKit/536.30.1 (KHTML, like Gecko) Version/6.0.5 Safari/536.30.1 Installatron (Mimicking WebKit)"
50.63.85.70 - - [22/May/2017:08:29:19 +0100] "GET /wp-content/themes/twentyfifteen/js/functions.js?ver=20150330 HTTP/1.0" 200 5920 "http://www.meganknight.uk/" "Mozilla/5.0 AppleWebKit/536.30.1 (KHTML, like Gecko) Version/6.0.5 Safari/536.30.1 Installatron (Mimicking WebKit)"
50.63.85.70 - - [22/May/2017:08:29:19 +0100] "GET /wp-content/uploads/2017/03/IMG_4299.jpg HTTP/1.0" 200 3555577 "http://www.meganknight.uk/" "Mozilla/5.0 AppleWebKit/536.30.1 (KHTML, like Gecko) Version/6.0.5 Safari/536.30.1 Installatron (Mimicking WebKit)"
50.63.85.70 - - [22/May/2017:08:29:19 +0100] "GET /wp-content/uploads/2015/10/067-300x225.jpg HTTP/1.0" 404 20338 "http://www.meganknight.uk/" "Mozilla/5.0 AppleWebKit/536.30.1 (KHTML, like Gecko) Version/6.0.5 Safari/536.30.1 Installatron (Mimicking WebKit)"
50.63.85.70 - - [22/May/2017:08:29:19 +0100] "GET /wp-content/uploads/2015/10/0641-300x247.jpg HTTP/1.0" 404 20338 "http://www.meganknight.uk/" "Mozilla/5.0 AppleWebKit/536.30.1 (KHTML, like Gecko) Version/6.0.5 Safari/536.30.1 Installatron (Mimicking WebKit)"
50.63.85.70 - - [22/May/2017:08:29:19 +0100] "GET /wp-content/uploads/2015/10/printing-300x252.jpg HTTP/1.0" 404 20338 "http://www.meganknight.uk/" "Mozilla/5.0 AppleWebKit/536.30.1 (KHTML, like Gecko) Version/6.0.5 Safari/536.30.1 Installatron (Mimicking WebKit)"
50.63.85.70 - - [22/May/2017:08:29:19 +0100] "GET /wp-content/uploads/2015/10/telegraph-one-236x300.png HTTP/1.0" 404 20338 "http://www.meganknight.uk/" "Mozilla/5.0 AppleWebKit/536.30.1 (KHTML, like Gecko) Version/6.0.5 Safari/536.30.1 Installatron (Mimicking WebKit)"
50.63.85.70 - - [22/May/2017:08:29:19 +0100] "GET /wp-content/uploads/2015/10/nyt-one-300x229.png HTTP/1.0" 404 20338 "http://www.meganknight.uk/" "Mozilla/5.0 AppleWebKit/536.30.1 (KHTML, like Gecko) Version/6.0.5 Safari/536.30.1 Installatron (Mimicking WebKit)"
50.63.85.70 - - [22/May/2017:08:29:20 +0100] "GET /wp-content/uploads/2015/10/economist-one-300x194.png HTTP/1.0" 404 20338 "http://www.meganknight.uk/" "Mozilla/5.0 AppleWebKit/536.30.1 (KHTML, like Gecko) Version/6.0.5 Safari/536.30.1 Installatron (Mimicking WebKit)"
50.63.85.70 - - [22/May/2017:08:29:20 +0100] "GET /wp-content/uploads/2015/10/guardian-one-300x170.png HTTP/1.0" 404 20338 "http://www.meganknight.uk/" "Mozilla/5.0 AppleWebKit/536.30.1 (KHTML, like Gecko) Version/6.0.5 Safari/536.30.1 Installatron (Mimicking WebKit)"
50.63.85.70 - - [22/May/2017:08:29:20 +0100] "GET /wp-content/uploads/2015/10/nyt-two-300x300.png HTTP/1.0" 404 20338 "http://www.meganknight.uk/" "Mozilla/5.0 AppleWebKit/536.30.1 (KHTML, like Gecko) Version/6.0.5 Safari/536.30.1 Installatron (Mimicking WebKit)"
50.63.85.70 - - [22/May/2017:08:29:21 +0100] "GET /wp-content/uploads/2015/10/nyt-four-300x224.png HTTP/1.0" 404 20338 "http://www.meganknight.uk/" "Mozilla/5.0 AppleWebKit/536.30.1 (KHTML, like Gecko) Version/6.0.5 Safari/536.30.1 Installatron (Mimicking WebKit)"
50.63.85.70 - - [22/May/2017:08:29:21 +0100] "GET /wp-content/uploads/2015/10/nyt-three-300x179.png HTTP/1.0" 404 20338 "http://www.meganknight.uk/" "Mozilla/5.0 AppleWebKit/536.30.1 (KHTML, like Gecko) Version/6.0.5 Safari/536.30.1 Installatron (Mimicking WebKit)"
50.63.85.70 - - [22/May/2017:08:29:21 +0100] "GET /wp-content/uploads/2015/10/economist-two-272x300.png HTTP/1.0" 404 20338 "http://www.meganknight.uk/" "Mozilla/5.0 AppleWebKit/536.30.1 (KHTML, like Gecko) Version/6.0.5 Safari/536.30.1 Installatron (Mimicking WebKit)"
50.63.85.70 - - [22/May/2017:08:29:22 +0100] "GET /wp-content/uploads/2015/10/economist-six-300x246.png HTTP/1.0" 404 20338 "http://www.meganknight.uk/" "Mozilla/5.0 AppleWebKit/536.30.1 (KHTML, like Gecko) Version/6.0.5 Safari/536.30.1 Installatron (Mimicking WebKit)"
50.63.85.70 - - [22/May/2017:08:29:22 +0100] "GET /wp-content/uploads/2015/10/nyt-five-300x260.png HTTP/1.0" 404 20338 "http://www.meganknight.uk/" "Mozilla/5.0 AppleWebKit/536.30.1 (KHTML, like Gecko) Version/6.0.5 Safari/536.30.1 Installatron (Mimicking WebKit)"
50.63.85.70 - - [22/May/2017:08:29:22 +0100] "GET /wp-content/uploads/2015/10/telegraph-three-300x200.jpg HTTP/1.0" 404 20338 "http://www.meganknight.uk/" "Mozilla/5.0 AppleWebKit/536.30.1 (KHTML, like Gecko) Version/6.0.5 Safari/536.30.1 Installatron (Mimicking WebKit)"
50.63.85.70 - - [22/May/2017:08:29:22 +0100] "GET /wp-content/uploads/2015/10/telegraph-two-300x195.png HTTP/1.0" 404 20338 "http://www.meganknight.uk/" "Mozilla/5.0 AppleWebKit/536.30.1 (KHTML, like Gecko) Version/6.0.5 Safari/536.30.1 Installatron (Mimicking WebKit)"
50.63.85.70 - - [22/May/2017:08:29:22 +0100] "GET /wp-content/uploads/2015/10/guardian-two-300x112.png HTTP/1.0" 404 20338 "http://www.meganknight.uk/" "Mozilla/5.0 AppleWebKit/536.30.1 (KHTML, like Gecko) Version/6.0.5 Safari/536.30.1 Installatron (Mimicking WebKit)"
50.63.85.70 - - [22/May/2017:08:29:22 +0100] "GET /wp-content/uploads/2015/10/telegraph-four-88x300.png HTTP/1.0" 404 20338 "http://www.meganknight.uk/" "Mozilla/5.0 AppleWebKit/536.30.1 (KHTML, like Gecko) Version/6.0.5 Safari/536.30.1 Installatron (Mimicking WebKit)"
50.63.85.70 - - [22/May/2017:08:29:24 +0100] "GET /wp-content/themes/twentyfifteen/genericons/Genericons.ttf HTTP/1.0" 200 22576 "http://www.meganknight.uk/" "Mozilla/5.0 AppleWebKit/536.30.1 (KHTML, like Gecko) Version/6.0.5 Safari/536.30.1 Installatron (Mimicking WebKit)"
50.63.85.70 - - [22/May/2017:08:29:24 +0100] "GET /wp-content/uploads/2016/04/newspapers-2.png HTTP/1.0" 200 29 "http://www.meganknight.uk/" "Mozilla/5.0 AppleWebKit/536.30.1 (KHTML, like Gecko) Version/6.0.5 Safari/536.30.1 Installatron (Mimicking WebKit)"
50.63.85.70 - - [22/May/2017:08:29:24 +0100] "GET /wp-content/themes/twentyfifteen/genericons/Genericons.svg HTTP/1.0" 200 78913 "http://www.meganknight.uk/" "Mozilla/5.0 AppleWebKit/536.30.1 (KHTML, like Gecko) Version/6.0.5 Safari/536.30.1 Installatron (Mimicking WebKit)"
50.63.85.70 - - [22/May/2017:08:29:24 +0100] "GET /wp-content/uploads/2015/10/nyt-six-300x138.png HTTP/1.0" 404 20338 "http://www.meganknight.uk/" "Mozilla/5.0 AppleWebKit/536.30.1 (KHTML, like Gecko) Version/6.0.5 Safari/536.30.1 Installatron (Mimicking WebKit)"
50.63.85.70 - - [22/May/2017:08:29:24 +0100] "GET /wp-content/uploads/2015/10/nyt-seven-300x204.png HTTP/1.0" 404 20338 "http://www.meganknight.uk/" "Mozilla/5.0 AppleWebKit/536.30.1 (KHTML, like Gecko) Version/6.0.5 Safari/536.30.1 Installatron (Mimicking WebKit)"
50.63.85.70 - - [22/May/2017:08:29:24 +0100] "GET /wp-content/uploads/2015/10/nyt-eight-300x184.png HTTP/1.0" 404 20338 "http://www.meganknight.uk/" "Mozilla/5.0 AppleWebKit/536.30.1 (KHTML, like Gecko) Version/6.0.5 Safari/536.30.1 Installatron (Mimicking WebKit)"
116.251.217.48 - - [22/May/2017:08:29:27 +0100] "GET / HTTP/1.0" 200 138726 "-" "Mozilla/5.0 AppleWebKit/536.30.1 (KHTML, like Gecko) Version/6.0.5 Safari/536.30.1 Installatron (Mimicking WebKit)"
116.251.217.48 - - [22/May/2017:08:29:28 +0100] "GET /wp-content/plugins/flickr-badges-widget/css/widget.css?ver=0.7 HTTP/1.0" 200 330 "http://www.meganknight.uk/" "Mozilla/5.0 AppleWebKit/536.30.1 (KHTML, like Gecko) Version/6.0.5 Safari/536.30.1 Installatron (Mimicking WebKit)"
116.251.217.48 - - [22/May/2017:08:29:28 +0100] "GET /wp-includes/js/wp-emoji-release.min.js?ver=4.7.3 HTTP/1.0" 200 11414 "http://www.meganknight.uk/" "Mozilla/5.0 AppleWebKit/536.30.1 (KHTML, like Gecko) Version/6.0.5 Safari/536.30.1 Installatron (Mimicking WebKit)"
116.251.217.48 - - [22/May/2017:08:29:28 +0100] "GET /wp-content/themes/twentyfifteen/style.css?ver=4.7.3 HTTP/1.0" 200 97685 "http://www.meganknight.uk/" "Mozilla/5.0 AppleWebKit/536.30.1 (KHTML, like Gecko) Version/6.0.5 Safari/536.30.1 Installatron (Mimicking WebKit)"
116.251.217.48 - - [22/May/2017:08:29:28 +0100] "GET /wp-content/themes/twentyfifteen/genericons/genericons.css?ver=3.2 HTTP/1.0" 200 27519 "http://www.meganknight.uk/" "Mozilla/5.0 AppleWebKit/536.30.1 (KHTML, like Gecko) Version/6.0.5 Safari/536.30.1 Installatron (Mimicking WebKit)"
116.251.217.48 - - [22/May/2017:08:29:28 +0100] "GET /wp-includes/js/jquery/jquery.js?ver=1.12.4 HTTP/1.0" 200 97184 "http://www.meganknight.uk/" "Mozilla/5.0 AppleWebKit/536.30.1 (KHTML, like Gecko) Version/6.0.5 Safari/536.30.1 Installatron (Mimicking WebKit)"
116.251.217.48 - - [22/May/2017:08:29:29 +0100] "GET /wp-includes/js/jquery/jquery-migrate.min.js?ver=1.4.1 HTTP/1.0" 200 10056 "http://www.meganknight.uk/" "Mozilla/5.0 AppleWebKit/536.30.1 (KHTML, like Gecko) Version/6.0.5 Safari/536.30.1 Installatron (Mimicking WebKit)"
116.251.217.48 - - [22/May/2017:08:29:29 +0100] "GET /wp-content/themes/twentyfifteen/js/skip-link-focus-fix.js?ver=20141010 HTTP/1.0" 200 727 "http://www.meganknight.uk/" "Mozilla/5.0 AppleWebKit/536.30.1 (KHTML, like Gecko) Version/6.0.5 Safari/536.30.1 Installatron (Mimicking WebKit)"
116.251.217.48 - - [22/May/2017:08:29:29 +0100] "GET /wp-includes/js/wp-embed.min.js?ver=4.7.3 HTTP/1.0" 200 1398 "http://www.meganknight.uk/" "Mozilla/5.0 AppleWebKit/536.30.1 (KHTML, like Gecko) Version/6.0.5 Safari/536.30.1 Installatron (Mimicking WebKit)"
116.251.217.48 - - [22/May/2017:08:29:29 +0100] "GET /wp-content/uploads/2016/04/newspapers-2.png HTTP/1.0" 200 29 "http://www.meganknight.uk/" "Mozilla/5.0 AppleWebKit/536.30.1 (KHTML, like Gecko) Version/6.0.5 Safari/536.30.1 Installatron (Mimicking WebKit)"
116.251.217.48 - - [22/May/2017:08:29:29 +0100] "GET /wp-content/themes/twentyfifteen/js/functions.js?ver=20150330 HTTP/1.0" 200 5920 "http://www.meganknight.uk/" "Mozilla/5.0 AppleWebKit/536.30.1 (KHTML, like Gecko) Version/6.0.5 Safari/536.30.1 Installatron (Mimicking WebKit)"
116.251.217.48 - - [22/May/2017:08:29:29 +0100] "GET /wp-content/uploads/2017/03/IMG_4299.jpg HTTP/1.0" 200 3555577 "http://www.meganknight.uk/" "Mozilla/5.0 AppleWebKit/536.30.1 (KHTML, like Gecko) Version/6.0.5 Safari/536.30.1 Installatron (Mimicking WebKit)"
116.251.217.48 - - [22/May/2017:08:29:29 +0100] "GET /wp-content/uploads/2015/10/067-300x225.jpg HTTP/1.0" 404 20338 "http://www.meganknight.uk/" "Mozilla/5.0 AppleWebKit/536.30.1 (KHTML, like Gecko) Version/6.0.5 Safari/536.30.1 Installatron (Mimicking WebKit)"
116.251.217.48 - - [22/May/2017:08:29:29 +0100] "GET /wp-content/uploads/2015/10/nyt-one-300x229.png HTTP/1.0" 404 20338 "http://www.meganknight.uk/" "Mozilla/5.0 AppleWebKit/536.30.1 (KHTML, like Gecko) Version/6.0.5 Safari/536.30.1 Installatron (Mimicking WebKit)"
116.251.217.48 - - [22/May/2017:08:29:29 +0100] "GET /wp-content/uploads/2015/10/telegraph-one-236x300.png HTTP/1.0" 404 20338 "http://www.meganknight.uk/" "Mozilla/5.0 AppleWebKit/536.30.1 (KHTML, like Gecko) Version/6.0.5 Safari/536.30.1 Installatron (Mimicking WebKit)"
116.251.217.48 - - [22/May/2017:08:29:29 +0100] "GET /wp-content/uploads/2015/10/0641-300x247.jpg HTTP/1.0" 404 20338 "http://www.meganknight.uk/" "Mozilla/5.0 AppleWebKit/536.30.1 (KHTML, like Gecko) Version/6.0.5 Safari/536.30.1 Installatron (Mimicking WebKit)"
116.251.217.48 - - [22/May/2017:08:29:29 +0100] "GET /wp-content/uploads/2015/10/printing-300x252.jpg HTTP/1.0" 404 20338 "http://www.meganknight.uk/" "Mozilla/5.0 AppleWebKit/536.30.1 (KHTML, like Gecko) Version/6.0.5 Safari/536.30.1 Installatron (Mimicking WebKit)"
116.251.217.48 - - [22/May/2017:08:29:30 +0100] "GET /wp-content/uploads/2015/10/economist-one-300x194.png HTTP/1.0" 404 20338 "http://www.meganknight.uk/" "Mozilla/5.0 AppleWebKit/536.30.1 (KHTML, like Gecko) Version/6.0.5 Safari/536.30.1 Installatron (Mimicking WebKit)"
116.251.217.48 - - [22/May/2017:08:29:31 +0100] "GET /wp-content/uploads/2015/10/nyt-two-300x300.png HTTP/1.0" 404 20338 "http://www.meganknight.uk/" "Mozilla/5.0 AppleWebKit/536.30.1 (KHTML, like Gecko) Version/6.0.5 Safari/536.30.1 Installatron (Mimicking WebKit)"
116.251.217.48 - - [22/May/2017:08:29:31 +0100] "GET /wp-content/uploads/2015/10/guardian-one-300x170.png HTTP/1.0" 404 20338 "http://www.meganknight.uk/" "Mozilla/5.0 AppleWebKit/536.30.1 (KHTML, like Gecko) Version/6.0.5 Safari/536.30.1 Installatron (Mimicking WebKit)"
116.251.217.48 - - [22/May/2017:08:29:31 +0100] "GET /wp-content/uploads/2015/10/economist-two-272x300.png HTTP/1.0" 404 20338 "http://www.meganknight.uk/" "Mozilla/5.0 AppleWebKit/536.30.1 (KHTML, like Gecko) Version/6.0.5 Safari/536.30.1 Installatron (Mimicking WebKit)"
116.251.217.48 - - [22/May/2017:08:29:31 +0100] "GET /wp-content/uploads/2015/10/nyt-three-300x179.png HTTP/1.0" 404 20338 "http://www.meganknight.uk/" "Mozilla/5.0 AppleWebKit/536.30.1 (KHTML, like Gecko) Version/6.0.5 Safari/536.30.1 Installatron (Mimicking WebKit)"
116.251.217.48 - - [22/May/2017:08:29:32 +0100] "GET /wp-content/uploads/2015/10/nyt-four-300x224.png HTTP/1.0" 404 20338 "http://www.meganknight.uk/" "Mozilla/5.0 AppleWebKit/536.30.1 (KHTML, like Gecko) Version/6.0.5 Safari/536.30.1 Installatron (Mimicking WebKit)"
116.251.217.48 - - [22/May/2017:08:29:32 +0100] "GET /wp-content/uploads/2015/10/economist-six-300x246.png HTTP/1.0" 404 20338 "http://www.meganknight.uk/" "Mozilla/5.0 AppleWebKit/536.30.1 (KHTML, like Gecko) Version/6.0.5 Safari/536.30.1 Installatron (Mimicking WebKit)"
116.251.217.48 - - [22/May/2017:08:29:32 +0100] "GET /wp-content/uploads/2015/10/nyt-five-300x260.png HTTP/1.0" 404 20338 "http://www.meganknight.uk/" "Mozilla/5.0 AppleWebKit/536.30.1 (KHTML, like Gecko) Version/6.0.5 Safari/536.30.1 Installatron (Mimicking WebKit)"
116.251.217.48 - - [22/May/2017:08:29:32 +0100] "GET /wp-content/uploads/2015/10/telegraph-two-300x195.png HTTP/1.0" 404 20338 "http://www.meganknight.uk/" "Mozilla/5.0 AppleWebKit/536.30.1 (KHTML, like Gecko) Version/6.0.5 Safari/536.30.1 Installatron (Mimicking WebKit)"
116.251.217.48 - - [22/May/2017:08:29:32 +0100] "GET /wp-content/uploads/2015/10/guardian-two-300x112.png HTTP/1.0" 404 20338 "http://www.meganknight.uk/" "Mozilla/5.0 AppleWebKit/536.30.1 (KHTML, like Gecko) Version/6.0.5 Safari/536.30.1 Installatron (Mimicking WebKit)"
116.251.217.48 - - [22/May/2017:08:29:33 +0100] "GET /wp-content/uploads/2015/10/telegraph-three-300x200.jpg HTTP/1.0" 404 20338 "http://www.meganknight.uk/" "Mozilla/5.0 AppleWebKit/536.30.1 (KHTML, like Gecko) Version/6.0.5 Safari/536.30.1 Installatron (Mimicking WebKit)"
116.251.217.48 - - [22/May/2017:08:29:33 +0100] "GET /wp-content/uploads/2015/10/telegraph-four-88x300.png HTTP/1.0" 404 20338 "http://www.meganknight.uk/" "Mozilla/5.0 AppleWebKit/536.30.1 (KHTML, like Gecko) Version/6.0.5 Safari/536.30.1 Installatron (Mimicking WebKit)"
116.251.217.48 - - [22/May/2017:08:29:34 +0100] "GET /wp-content/themes/twentyfifteen/genericons/Genericons.svg HTTP/1.0" 200 78913 "http://www.meganknight.uk/" "Mozilla/5.0 AppleWebKit/536.30.1 (KHTML, like Gecko) Version/6.0.5 Safari/536.30.1 Installatron (Mimicking WebKit)"
116.251.217.48 - - [22/May/2017:08:29:33 +0100] "GET /wp-content/uploads/2015/10/nyt-six-300x138.png HTTP/1.0" 404 20338 "http://www.meganknight.uk/" "Mozilla/5.0 AppleWebKit/536.30.1 (KHTML, like Gecko) Version/6.0.5 Safari/536.30.1 Installatron (Mimicking WebKit)"
116.251.217.48 - - [22/May/2017:08:29:35 +0100] "GET /wp-content/themes/twentyfifteen/genericons/Genericons.ttf HTTP/1.0" 200 22576 "http://www.meganknight.uk/" "Mozilla/5.0 AppleWebKit/536.30.1 (KHTML, like Gecko) Version/6.0.5 Safari/536.30.1 Installatron (Mimicking WebKit)"
116.251.217.48 - - [22/May/2017:08:29:34 +0100] "GET /wp-content/uploads/2015/10/nyt-seven-300x204.png HTTP/1.0" 404 20338 "http://www.meganknight.uk/" "Mozilla/5.0 AppleWebKit/536.30.1 (KHTML, like Gecko) Version/6.0.5 Safari/536.30.1 Installatron (Mimicking WebKit)"
116.251.217.48 - - [22/May/2017:08:29:34 +0100] "GET /wp-content/uploads/2015/10/nyt-eight-300x184.png HTTP/1.0" 404 20338 "http://www.meganknight.uk/" "Mozilla/5.0 AppleWebKit/536.30.1 (KHTML, like Gecko) Version/6.0.5 Safari/536.30.1 Installatron (Mimicking WebKit)"
116.251.217.48 - - [22/May/2017:08:29:35 +0100] "GET /wp-content/uploads/2016/04/newspapers-2.png HTTP/1.0" 200 29 "http://www.meganknight.uk/" "Mozilla/5.0 AppleWebKit/536.30.1 (KHTML, like Gecko) Version/6.0.5 Safari/536.30.1 Installatron (Mimicking WebKit)"
88.208.252.24 - - [22/May/2017:08:29:41 +0100] "POST /wp-itapi.php HTTP/1.0" 200 5203 "-" "Mozilla/5.0 (Windows NT 6.1; WOW64; rv:17.0) Gecko/20100101 Firefox/17.0"
147.197.11.222 - - [22/May/2017:08:34:47 +0100] "GET /research/ HTTP/1.0" 200 3715 "-" "Mozilla/5.0 (X11; Linux x86_64) AppleWebKit/537.36 (KHTML, like Gecko) Chrome/49.0.2623.75 Safari/537.36 Google Favicon"
147.197.11.222 - - [22/May/2017:08:34:47 +0100] "GET /favicon.ico HTTP/1.0" 200 - "-" "Mozilla/5.0 (X11; Linux x86_64) AppleWebKit/537.36 (KHTML, like Gecko) Chrome/49.0.2623.75 Safari/537.36 Google Favicon"