147.197.11.222 - - [15/May/2017:15:08:35 +0100] "GET /?p=746&preview=true HTTP/1.0" 200 35665 "http://www.meganknight.uk/wp-admin/post-new.php" "Mozilla/5.0 (Windows NT 6.3; Win64; x64) AppleWebKit/537.36 (KHTML, like Gecko) Chrome/58.0.3029.110 Safari/537.36"
147.197.11.222 - - [15/May/2017:15:08:37 +0100] "GET /wp-content/themes/twentyfifteen/genericons/genericons.css?ver=3.2 HTTP/1.0" 200 27519 "http://www.meganknight.uk/?p=746&preview=true" "Mozilla/5.0 (Windows NT 6.3; Win64; x64) AppleWebKit/537.36 (KHTML, like Gecko) Chrome/58.0.3029.110 Safari/537.36"
147.197.11.222 - - [15/May/2017:15:08:37 +0100] "GET /wp-includes/js/jquery/jquery.js?ver=1.12.4 HTTP/1.0" 200 97184 "http://www.meganknight.uk/?p=746&preview=true" "Mozilla/5.0 (Windows NT 6.3; Win64; x64) AppleWebKit/537.36 (KHTML, like Gecko) Chrome/58.0.3029.110 Safari/537.36"
147.197.11.222 - - [15/May/2017:15:08:37 +0100] "GET /wp-includes/css/admin-bar.min.css?ver=4.7.3 HTTP/1.0" 200 20580 "http://www.meganknight.uk/?p=746&preview=true" "Mozilla/5.0 (Windows NT 6.3; Win64; x64) AppleWebKit/537.36 (KHTML, like Gecko) Chrome/58.0.3029.110 Safari/537.36"
147.197.11.222 - - [15/May/2017:15:08:37 +0100] "GET /wp-includes/js/jquery/jquery-migrate.min.js?ver=1.4.1 HTTP/1.0" 200 10056 "http://www.meganknight.uk/?p=746&preview=true" "Mozilla/5.0 (Windows NT 6.3; Win64; x64) AppleWebKit/537.36 (KHTML, like Gecko) Chrome/58.0.3029.110 Safari/537.36"
147.197.11.222 - - [15/May/2017:15:08:37 +0100] "GET /wp-content/themes/twentyfifteen/style.css?ver=4.7.3 HTTP/1.0" 200 97685 "http://www.meganknight.uk/?p=746&preview=true" "Mozilla/5.0 (Windows NT 6.3; Win64; x64) AppleWebKit/537.36 (KHTML, like Gecko) Chrome/58.0.3029.110 Safari/537.36"
147.197.11.222 - - [15/May/2017:15:08:37 +0100] "GET /wp-content/plugins/akismet/_inc/form.js?ver=3.3 HTTP/1.0" 200 700 "http://www.meganknight.uk/?p=746&preview=true" "Mozilla/5.0 (Windows NT 6.3; Win64; x64) AppleWebKit/537.36 (KHTML, like Gecko) Chrome/58.0.3029.110 Safari/537.36"
147.197.11.222 - - [15/May/2017:15:08:37 +0100] "GET /wp-includes/js/admin-bar.min.js?ver=4.7.3 HTTP/1.0" 200 7188 "http://www.meganknight.uk/?p=746&preview=true" "Mozilla/5.0 (Windows NT 6.3; Win64; x64) AppleWebKit/537.36 (KHTML, like Gecko) Chrome/58.0.3029.110 Safari/537.36"
147.197.11.222 - - [15/May/2017:15:08:37 +0100] "GET /wp-content/themes/twentyfifteen/js/skip-link-focus-fix.js?ver=20141010 HTTP/1.0" 200 727 "http://www.meganknight.uk/?p=746&preview=true" "Mozilla/5.0 (Windows NT 6.3; Win64; x64) AppleWebKit/537.36 (KHTML, like Gecko) Chrome/58.0.3029.110 Safari/537.36"
147.197.11.222 - - [15/May/2017:15:08:37 +0100] "GET /wp-content/themes/twentyfifteen/js/functions.js?ver=20150330 HTTP/1.0" 200 5920 "http://www.meganknight.uk/?p=746&preview=true" "Mozilla/5.0 (Windows NT 6.3; Win64; x64) AppleWebKit/537.36 (KHTML, like Gecko) Chrome/58.0.3029.110 Safari/537.36"
147.197.11.222 - - [15/May/2017:15:08:37 +0100] "GET /wp-includes/js/comment-reply.min.js?ver=4.7.3 HTTP/1.0" 200 1078 "http://www.meganknight.uk/?p=746&preview=true" "Mozilla/5.0 (Windows NT 6.3; Win64; x64) AppleWebKit/537.36 (KHTML, like Gecko) Chrome/58.0.3029.110 Safari/537.36"
147.197.11.222 - - [15/May/2017:15:08:37 +0100] "GET /wp-includes/js/wp-embed.min.js?ver=4.7.3 HTTP/1.0" 200 1398 "http://www.meganknight.uk/?p=746&preview=true" "Mozilla/5.0 (Windows NT 6.3; Win64; x64) AppleWebKit/537.36 (KHTML, like Gecko) Chrome/58.0.3029.110 Safari/537.36"
147.197.11.222 - - [15/May/2017:15:08:37 +0100] "GET /wp-content/uploads/2017/03/IMG_4299.jpg HTTP/1.0" 200 3555577 "http://www.meganknight.uk/?p=746&preview=true" "Mozilla/5.0 (Windows NT 6.3; Win64; x64) AppleWebKit/537.36 (KHTML, like Gecko) Chrome/58.0.3029.110 Safari/537.36"
147.197.11.222 - - [15/May/2017:15:08:39 +0100] "GET /favicon.ico HTTP/1.0" 200 - "http://www.meganknight.uk/?p=746&preview=true" "Mozilla/5.0 (Windows NT 6.3; Win64; x64) AppleWebKit/537.36 (KHTML, like Gecko) Chrome/58.0.3029.110 Safari/537.36"
147.197.11.222 - - [15/May/2017:15:09:20 +0100] "POST /wp-admin/admin-ajax.php HTTP/1.0" 200 47 "http://www.meganknight.uk/wp-admin/post-new.php" "Mozilla/5.0 (Windows NT 6.3; Win64; x64) AppleWebKit/537.36 (KHTML, like Gecko) Chrome/58.0.3029.110 Safari/537.36"
147.197.11.222 - - [15/May/2017:15:09:34 +0100] "POST /wp-admin/admin-ajax.php HTTP/1.0" 200 117 "http://www.meganknight.uk/wp-admin/post-new.php" "Mozilla/5.0 (Windows NT 6.3; Win64; x64) AppleWebKit/537.36 (KHTML, like Gecko) Chrome/58.0.3029.110 Safari/537.36"
147.197.11.222 - - [15/May/2017:15:09:40 +0100] "POST /wp-admin/admin-ajax.php HTTP/1.0" 200 47 "http://www.meganknight.uk/wp-admin/post-new.php" "Mozilla/5.0 (Windows NT 6.3; Win64; x64) AppleWebKit/537.36 (KHTML, like Gecko) Chrome/58.0.3029.110 Safari/537.36"
147.197.11.222 - - [15/May/2017:15:09:47 +0100] "POST /wp-admin/admin-ajax.php HTTP/1.0" 200 117 "http://www.meganknight.uk/wp-admin/post-new.php" "Mozilla/5.0 (Windows NT 6.3; Win64; x64) AppleWebKit/537.36 (KHTML, like Gecko) Chrome/58.0.3029.110 Safari/537.36"
147.197.11.222 - - [15/May/2017:15:10:20 +0100] "POST /wp-admin/admin-ajax.php HTTP/1.0" 200 117 "http://www.meganknight.uk/wp-admin/post-new.php" "Mozilla/5.0 (Windows NT 6.3; Win64; x64) AppleWebKit/537.36 (KHTML, like Gecko) Chrome/58.0.3029.110 Safari/537.36"
147.197.11.222 - - [15/May/2017:15:10:22 +0100] "POST /wp-admin/admin-ajax.php HTTP/1.0" 200 47 "http://www.meganknight.uk/wp-admin/post-new.php" "Mozilla/5.0 (Windows NT 6.3; Win64; x64) AppleWebKit/537.36 (KHTML, like Gecko) Chrome/58.0.3029.110 Safari/537.36"
147.197.11.222 - - [15/May/2017:15:10:34 +0100] "POST /wp-admin/admin-ajax.php HTTP/1.0" 200 117 "http://www.meganknight.uk/wp-admin/post-new.php" "Mozilla/5.0 (Windows NT 6.3; Win64; x64) AppleWebKit/537.36 (KHTML, like Gecko) Chrome/58.0.3029.110 Safari/537.36"
147.197.11.222 - - [15/May/2017:15:11:34 +0100] "POST /wp-admin/admin-ajax.php HTTP/1.0" 200 47 "http://www.meganknight.uk/wp-admin/post-new.php" "Mozilla/5.0 (Windows NT 6.3; Win64; x64) AppleWebKit/537.36 (KHTML, like Gecko) Chrome/58.0.3029.110 Safari/537.36"
147.197.11.222 - - [15/May/2017:15:11:38 +0100] "GET /favicon.ico HTTP/1.0" 200 - "http://www.meganknight.uk/wp-admin/post-new.php?wp-post-new-reload=true" "Mozilla/5.0 (Windows NT 6.3; Win64; x64) AppleWebKit/537.36 (KHTML, like Gecko) Chrome/58.0.3029.110 Safari/537.36"
10.10.110.18 - - [15/May/2017:15:11:37 +0100] "POST /wp-cron.php?doing_wp_cron=1494857497.5573608875274658203125 HTTP/1.0" 200 - "http://www.meganknight.uk/wp-cron.php?doing_wp_cron=1494857497.5573608875274658203125" "WordPress/4.7.3; http://www.meganknight.uk"
147.197.11.222 - - [15/May/2017:15:11:38 +0100] "POST /wp-admin/post.php HTTP/1.0" 302 - "http://www.meganknight.uk/wp-admin/post-new.php?wp-post-new-reload=true" "Mozilla/5.0 (Windows NT 6.3; Win64; x64) AppleWebKit/537.36 (KHTML, like Gecko) Chrome/58.0.3029.110 Safari/537.36"
147.197.11.222 - - [15/May/2017:15:11:42 +0100] "GET /wp-admin/post.php?post=746&action=edit&message=6 HTTP/1.0" 200 141923 "http://www.meganknight.uk/wp-admin/post-new.php?wp-post-new-reload=true" "Mozilla/5.0 (Windows NT 6.3; Win64; x64) AppleWebKit/537.36 (KHTML, like Gecko) Chrome/58.0.3029.110 Safari/537.36"
147.197.11.222 - - [15/May/2017:15:11:45 +0100] "GET /wp-admin/load-scripts.php?c=1&load%5B%5D=hoverIntent,common,admin-bar,heartbeat,autosave,wp-ajax-response,jquery-color,wp-lists,quicktags,jquery-query,admin-comments,sug&load%5B%5D=gest,jquery-ui-core,jquery-ui-widget,jquery-ui-mouse,jquery-ui-sortable,postbox,jquery-ui-position,jquery-ui-menu,wp-a11y,jquery&load%5B%5D=-ui-autocomplete,tags-suggest,tags-box,underscore,word-count,post,editor-expand,thickbox,shortcode,backbone,wp-util,wp-backbone,&load%5B%5D=media-models,wp-plupload,mediaelement,wp-mediaelement,media-views,media-editor,media-audiovideo,mce-view,imgareaselect,image-edi&load%5B%5D=t,svg-painter,wp-auth-check,editor,wplink,media-upload,wp-embed&ver=4.7.3 HTTP/1.0" 200 171146 "http://www.meganknight.uk/wp-admin/post.php?post=746&action=edit&message=6" "Mozilla/5.0 (Windows NT 6.3; Win64; x64) AppleWebKit/537.36 (KHTML, like Gecko) Chrome/58.0.3029.110 Safari/537.36"
10.10.110.18 - - [15/May/2017:15:11:44 +0100] "HEAD /uncategorized/facebook-and-the-news/ HTTP/1.0" 200 - "http://www.meganknight.uk/uncategorized/facebook-and-the-news/" "WordPress/4.7.3; http://www.meganknight.uk"
147.197.11.222 - - [15/May/2017:15:11:46 +0100] "GET /favicon.ico HTTP/1.0" 200 - "http://www.meganknight.uk/wp-admin/post.php?post=746&action=edit" "Mozilla/5.0 (Windows NT 6.3; Win64; x64) AppleWebKit/537.36 (KHTML, like Gecko) Chrome/58.0.3029.110 Safari/537.36"
147.197.11.222 - - [15/May/2017:15:11:46 +0100] "POST /wp-admin/admin-ajax.php HTTP/1.0" 200 135 "http://www.meganknight.uk/wp-admin/post.php?post=746&action=edit" "Mozilla/5.0 (Windows NT 6.3; Win64; x64) AppleWebKit/537.36 (KHTML, like Gecko) Chrome/58.0.3029.110 Safari/537.36"
147.197.11.222 - - [15/May/2017:15:11:46 +0100] "GET /wp-admin/admin-ajax.php?action=oembed-cache&post=746 HTTP/1.0" 200 1 "http://www.meganknight.uk/wp-admin/post.php?post=746&action=edit" "Mozilla/5.0 (Windows NT 6.3; Win64; x64) AppleWebKit/537.36 (KHTML, like Gecko) Chrome/58.0.3029.110 Safari/537.36"
10.10.110.18 - - [15/May/2017:15:11:43 +0100] "POST /wp-cron.php?doing_wp_cron=1494857502.9668579101562500000000 HTTP/1.0" 200 - "http://www.meganknight.uk/wp-cron.php?doing_wp_cron=1494857502.9668579101562500000000" "WordPress/4.7.3; http://www.meganknight.uk"
70.39.246.37 - - [15/May/2017:15:11:57 +0100] "GET / HTTP/1.0" 200 139810 "-" "Mozilla/5.0 Moreover/5.1 (+http://www.moreover.com; webmaster@moreover.com)"
70.39.246.37 - - [15/May/2017:15:11:59 +0100] "GET /feed/ HTTP/1.0" 200 117195 "-" "Mozilla/5.0 Moreover/5.1 (+http://www.moreover.com; webmaster@moreover.com)"
147.197.11.222 - - [15/May/2017:15:13:47 +0100] "POST /wp-admin/admin-ajax.php HTTP/1.0" 200 47 "http://www.meganknight.uk/wp-admin/post.php?post=746&action=edit" "Mozilla/5.0 (Windows NT 6.3; Win64; x64) AppleWebKit/537.36 (KHTML, like Gecko) Chrome/58.0.3029.110 Safari/537.36"
147.197.11.222 - - [15/May/2017:15:15:49 +0100] "POST /wp-admin/admin-ajax.php HTTP/1.0" 200 47 "http://www.meganknight.uk/wp-admin/post.php?post=746&action=edit" "Mozilla/5.0 (Windows NT 6.3; Win64; x64) AppleWebKit/537.36 (KHTML, like Gecko) Chrome/58.0.3029.110 Safari/537.36"
147.197.11.222 - - [15/May/2017:15:17:48 +0100] "POST /wp-admin/admin-ajax.php HTTP/1.0" 200 47 "http://www.meganknight.uk/wp-admin/post.php?post=746&action=edit" "Mozilla/5.0 (Windows NT 6.3; Win64; x64) AppleWebKit/537.36 (KHTML, like Gecko) Chrome/58.0.3029.110 Safari/537.36"
147.197.11.222 - - [15/May/2017:15:17:59 +0100] "POST /wp-admin/admin-ajax.php HTTP/1.0" 200 1 "http://www.meganknight.uk/wp-admin/post.php?post=746&action=edit" "Mozilla/5.0 (Windows NT 6.3; Win64; x64) AppleWebKit/537.36 (KHTML, like Gecko) Chrome/58.0.3029.110 Safari/537.36"
213.171.217.172 - - [15/May/2017:18:06:49 +0100] "GET / HTTP/1.0" 200 139810 "-" "Mozilla/5.0 (Windows NT 6.1; WOW64) AppleWebKit/537.36 (KHTML, like Gecko) Chrome/41.0.2272.101 Safari/537.36"
10.10.110.18 - - [15/May/2017:18:06:53 +0100] "POST /wp-cron.php?doing_wp_cron=1494868013.3642048835754394531250 HTTP/1.0" 200 - "http://www.meganknight.uk/wp-cron.php?doing_wp_cron=1494868013.3642048835754394531250" "WordPress/4.7.3; http://www.meganknight.uk"
66.249.66.202 - - [16/May/2017:00:57:11 +0100] "GET /robots.txt HTTP/1.0" 200 67 "-" "Mozilla/5.0 (compatible; Googlebot/2.1; +http://www.google.com/bot.html)"
10.10.110.18 - - [16/May/2017:00:57:15 +0100] "POST /wp-cron.php?doing_wp_cron=1494892635.3453030586242675781250 HTTP/1.0" 200 - "http://www.meganknight.uk/wp-cron.php?doing_wp_cron=1494892635.3453030586242675781250" "WordPress/4.7.3; http://www.meganknight.uk"
66.249.66.192 - - [16/May/2017:00:57:16 +0100] "GET / HTTP/1.0" 200 139810 "-" "Mozilla/5.0 (Linux; Android 6.0.1; Nexus 5X Build/MMB29P) AppleWebKit/537.36 (KHTML, like Gecko) Chrome/41.0.2272.96 Mobile Safari/537.36 (compatible; Googlebot/2.1; +http://www.google.com/bot.html)"
66.249.76.129 - - [16/May/2017:00:57:45 +0100] "GET /wp-content/themes/twentyfifteen/style.css?ver=4.7.3 HTTP/1.0" 200 97685 "http://www.meganknight.uk/" "Mozilla/5.0 (compatible; Googlebot/2.1; +http://www.google.com/bot.html)"
66.249.66.192 - - [16/May/2017:00:57:45 +0100] "GET /wp-content/plugins/flickr-badges-widget/css/widget.css?ver=0.7 HTTP/1.0" 200 330 "http://www.meganknight.uk/" "Mozilla/5.0 (compatible; Googlebot/2.1; +http://www.google.com/bot.html)"
66.249.66.192 - - [16/May/2017:00:57:46 +0100] "GET /wp-content/themes/twentyfifteen/genericons/genericons.css?ver=3.2 HTTP/1.0" 200 27519 "http://www.meganknight.uk/" "Mozilla/5.0 (compatible; Googlebot/2.1; +http://www.google.com/bot.html)"
107.173.78.10 - - [16/May/2017:01:07:51 +0100] "GET /category/journalism/ HTTP/1.0" 200 125519 "http://www.meganknight.uk/" "Mozilla/5.0 (Macintosh; Intel Mac OS X 10.10; rv:34.0) Gecko/20100101 Firefox/34.0"
107.173.78.10 - - [16/May/2017:01:07:55 +0100] "GET /uncategorized/a-crisis-in-numbers-data-visualisations-in-the-coverage-of-the-2015-european-refugee-crisis/ HTTP/1.0" 200 46906 "http://www.meganknight.uk/category/journalism/" "Mozilla/5.0 (Macintosh; Intel Mac OS X 10.10; rv:34.0) Gecko/20100101 Firefox/34.0"
155.94.168.210 - - [16/May/2017:03:10:03 +0100] "GET /category/journalism/ HTTP/1.0" 200 125519 "http://www.meganknight.uk/" "Mozilla/5.0 (Macintosh; Intel Mac OS X 10.10; rv:34.0) Gecko/20100101 Firefox/34.0"
155.94.168.210 - - [16/May/2017:03:10:08 +0100] "GET /wp-login.php?action=register HTTP/1.0" 302 - "http://www.meganknight.uk/" "Opera/9.80 (Windows NT 6.2; Win64; x64) Presto/2.12.388 Version/12.17"
10.10.110.18 - - [16/May/2017:03:10:04 +0100] "POST /wp-cron.php?doing_wp_cron=1494900604.6192040443420410156250 HTTP/1.0" 200 - "http://www.meganknight.uk/wp-cron.php?doing_wp_cron=1494900604.6192040443420410156250" "WordPress/4.7.3; http://www.meganknight.uk"
155.94.168.210 - - [16/May/2017:03:10:10 +0100] "GET /wp-login.php?registration=disabled HTTP/1.0" 200 4829 "http://www.meganknight.uk/wp-login.php?action=register" "Opera/9.80 (Windows NT 6.2; Win64; x64) Presto/2.12.388 Version/12.17"